Last updated on 2025-05-08 04:52:12 CEST.
Flavor | Version | Tinstall | Tcheck | Ttotal | Status | Flags |
---|---|---|---|---|---|---|
r-devel-linux-x86_64-debian-clang | 1.0.0 | 5.96 | 40.85 | 46.81 | NOTE | |
r-devel-linux-x86_64-debian-gcc | 1.0.0 | 3.78 | 29.99 | 33.77 | NOTE | |
r-devel-linux-x86_64-fedora-clang | 1.0.0 | 74.95 | NOTE | |||
r-devel-linux-x86_64-fedora-gcc | 1.0.0 | 85.88 | NOTE | |||
r-devel-windows-x86_64 | 1.0.0 | 7.00 | 63.00 | 70.00 | NOTE | |
r-patched-linux-x86_64 | 1.0.0 | 6.37 | 38.39 | 44.76 | NOTE | |
r-release-linux-x86_64 | 1.0.0 | 4.71 | 38.79 | 43.50 | NOTE | |
r-release-macos-arm64 | 1.0.0 | 73.00 | NOTE | |||
r-release-macos-x86_64 | 1.0.0 | 64.00 | NOTE | |||
r-release-windows-x86_64 | 1.0.0 | 8.00 | 63.00 | 71.00 | NOTE | |
r-oldrel-macos-arm64 | 1.0.0 | 35.00 | OK | |||
r-oldrel-macos-x86_64 | 1.0.0 | 48.00 | OK | |||
r-oldrel-windows-x86_64 | 1.0.0 | 12.00 | 75.00 | 87.00 | OK |
Version: 1.0.0
Check: DESCRIPTION meta-information
Result: NOTE
Missing dependency on R >= 4.1.0 because package code uses the pipe
|> or function shorthand \(...) syntax added in R 4.1.0.
File(s) using such syntax:
‘acquire_neon_data.R’ ‘check_qf_flags.R’ ‘compute_monthly_mean.R’
‘compute_monthly_mean.Rd’ ‘compute_neon_flux.R’
‘compute_surface_flux.R’ ‘correct_env_data.R’ ‘depth_interpolate.R’
‘determine_position.R’ ‘env_fingerprint_plot.R’ ‘fit_function.R’
‘flux_fingerprint_plot.R’ ‘insert_mean.R’ ‘measurement_detect.R’
‘measurement_merge.R’ ‘swc_correct.R’
Flavors: r-devel-linux-x86_64-debian-clang, r-devel-linux-x86_64-debian-gcc, r-devel-linux-x86_64-fedora-clang, r-devel-linux-x86_64-fedora-gcc, r-devel-windows-x86_64, r-patched-linux-x86_64, r-release-linux-x86_64, r-release-macos-arm64, r-release-windows-x86_64
Version: 1.0.0
Check: DESCRIPTION meta-information
Result: NOTE
Missing dependency on R >= 4.1.0 because package code uses the pipe
|> or function shorthand \(...) syntax added in R 4.1.0.
File(s) using such syntax:
‘acquire_neon_data.R’ ‘check_qf_flags.R’ ‘compute_monthly_mean.R’
‘compute_neon_flux.R’ ‘compute_surface_flux.R’ ‘correct_env_data.R’
‘depth_interpolate.R’ ‘determine_position.R’ ‘env_fingerprint_plot.R’
‘fit_function.R’ ‘flux_fingerprint_plot.R’ ‘insert_mean.R’
‘measurement_detect.R’ ‘measurement_merge.R’ ‘swc_correct.R’
Flavor: r-release-macos-x86_64
These binaries (installable software) and packages are in development.
They may not be fully stable and should be used with caution. We make no claims about them.