CRAN Package Check Results for Package nestedLogit

Last updated on 2025-07-27 01:48:28 CEST.

Flavor Version Tinstall Tcheck Ttotal Status Flags
r-devel-linux-x86_64-debian-clang 0.3.2 13.50 146.88 160.38 NOTE
r-devel-linux-x86_64-debian-gcc 0.3.2 9.56 106.98 116.54 NOTE
r-devel-linux-x86_64-fedora-clang 0.3.2 250.20 NOTE
r-devel-linux-x86_64-fedora-gcc 0.3.2 257.88 NOTE
r-devel-windows-x86_64 0.3.2 15.00 150.00 165.00 NOTE
r-patched-linux-x86_64 0.3.2 12.06 138.80 150.86 NOTE
r-release-linux-x86_64 0.3.2 11.20 138.31 149.51 NOTE
r-release-macos-arm64 0.3.2 117.00 NOTE
r-release-macos-x86_64 0.3.2 141.00 NOTE
r-release-windows-x86_64 0.3.2 14.00 153.00 167.00 NOTE
r-oldrel-macos-arm64 0.3.2 75.00 NOTE
r-oldrel-macos-x86_64 0.3.2 171.00 NOTE
r-oldrel-windows-x86_64 0.3.2 20.00 183.00 203.00 NOTE

Check Details

Version: 0.3.2
Check: DESCRIPTION meta-information
Result: NOTE Missing dependency on R >= 4.1.0 because package code uses the pipe |> or function shorthand \(...) syntax added in R 4.1.0. File(s) using such syntax: ‘as.data.frame.predict.R’ Flavors: r-devel-linux-x86_64-debian-clang, r-devel-linux-x86_64-debian-gcc, r-devel-linux-x86_64-fedora-clang, r-devel-linux-x86_64-fedora-gcc, r-devel-windows-x86_64, r-patched-linux-x86_64, r-release-linux-x86_64, r-release-macos-arm64, r-release-macos-x86_64, r-release-windows-x86_64

Version: 0.3.2
Check: Rd files
Result: NOTE checkRd: (-1) GSS.Rd:17: Lost braces 17 | code{2016}.} | ^ Flavors: r-devel-linux-x86_64-debian-clang, r-devel-linux-x86_64-debian-gcc, r-devel-linux-x86_64-fedora-clang, r-devel-linux-x86_64-fedora-gcc, r-devel-windows-x86_64, r-patched-linux-x86_64, r-release-linux-x86_64, r-release-macos-arm64, r-release-macos-x86_64, r-release-windows-x86_64, r-oldrel-macos-arm64, r-oldrel-macos-x86_64, r-oldrel-windows-x86_64

These binaries (installable software) and packages are in development.
They may not be fully stable and should be used with caution. We make no claims about them.