Last updated on 2025-02-23 01:51:48 CET.
Flavor | Version | Tinstall | Tcheck | Ttotal | Status | Flags |
---|---|---|---|---|---|---|
r-devel-linux-x86_64-debian-clang | 0.3.2 | 12.96 | 147.64 | 160.60 | NOTE | |
r-devel-linux-x86_64-debian-gcc | 0.3.2 | 8.56 | 106.06 | 114.62 | NOTE | |
r-devel-linux-x86_64-fedora-clang | 0.3.2 | 239.54 | NOTE | |||
r-devel-linux-x86_64-fedora-gcc | 0.3.2 | 243.61 | NOTE | |||
r-devel-macos-arm64 | 0.3.2 | 86.00 | NOTE | |||
r-devel-macos-x86_64 | 0.3.2 | 141.00 | NOTE | |||
r-devel-windows-x86_64 | 0.3.2 | 13.00 | 156.00 | 169.00 | NOTE | |
r-patched-linux-x86_64 | 0.3.2 | 11.85 | 134.71 | 146.56 | NOTE | |
r-release-linux-x86_64 | 0.3.2 | 12.97 | 136.21 | 149.18 | NOTE | |
r-release-macos-arm64 | 0.3.2 | 75.00 | NOTE | |||
r-release-macos-x86_64 | 0.3.2 | 171.00 | NOTE | |||
r-release-windows-x86_64 | 0.3.2 | 14.00 | 160.00 | 174.00 | NOTE | |
r-oldrel-macos-arm64 | 0.3.2 | 70.00 | OK | |||
r-oldrel-macos-x86_64 | 0.3.2 | 171.00 | OK | |||
r-oldrel-windows-x86_64 | 0.3.2 | 18.00 | 186.00 | 204.00 | OK |
Version: 0.3.2
Check: DESCRIPTION meta-information
Result: NOTE
Missing dependency on R >= 4.1.0 because package code uses the pipe
|> or function shorthand \(...) syntax added in R 4.1.0.
File(s) using such syntax:
‘as.data.frame.predict.R’
Flavors: r-devel-linux-x86_64-debian-clang, r-devel-linux-x86_64-debian-gcc, r-devel-linux-x86_64-fedora-clang, r-devel-linux-x86_64-fedora-gcc, r-devel-macos-x86_64, r-devel-windows-x86_64
Version: 0.3.2
Check: Rd files
Result: NOTE
checkRd: (-1) GSS.Rd:17: Lost braces
17 | code{2016}.}
| ^
Flavors: r-devel-linux-x86_64-debian-clang, r-devel-linux-x86_64-debian-gcc, r-devel-linux-x86_64-fedora-clang, r-devel-linux-x86_64-fedora-gcc, r-devel-macos-arm64, r-devel-macos-x86_64, r-devel-windows-x86_64, r-patched-linux-x86_64, r-release-linux-x86_64, r-release-macos-arm64, r-release-macos-x86_64, r-release-windows-x86_64
These binaries (installable software) and packages are in development.
They may not be fully stable and should be used with caution. We make no claims about them.