Last updated on 2025-02-16 08:50:55 CET.
Flavor | Version | Tinstall | Tcheck | Ttotal | Status | Flags |
---|---|---|---|---|---|---|
r-devel-linux-x86_64-debian-clang | 0.6.2 | 8.66 | 83.20 | 91.86 | NOTE | |
r-devel-linux-x86_64-debian-gcc | 0.6.2 | 6.45 | 60.46 | 66.91 | NOTE | |
r-devel-linux-x86_64-fedora-clang | 0.6.2 | 147.45 | NOTE | |||
r-devel-linux-x86_64-fedora-gcc | 0.6.2 | 155.84 | NOTE | |||
r-devel-macos-arm64 | 0.6.2 | 58.00 | NOTE | |||
r-devel-macos-x86_64 | 0.6.2 | 135.00 | NOTE | |||
r-devel-windows-x86_64 | 0.6.2 | 11.00 | 107.00 | 118.00 | NOTE | |
r-patched-linux-x86_64 | 0.6.2 | 7.35 | 78.60 | 85.95 | NOTE | |
r-release-linux-x86_64 | 0.6.2 | 8.23 | 78.61 | 86.84 | NOTE | |
r-release-macos-arm64 | 0.6.2 | 58.00 | NOTE | |||
r-release-macos-x86_64 | 0.6.2 | 81.00 | NOTE | |||
r-release-windows-x86_64 | 0.6.2 | 10.00 | 105.00 | 115.00 | NOTE | |
r-oldrel-macos-arm64 | 0.6.2 | 67.00 | OK | |||
r-oldrel-macos-x86_64 | 0.6.2 | 103.00 | OK | |||
r-oldrel-windows-x86_64 | 0.6.2 | 12.00 | 110.00 | 122.00 | OK |
Version: 0.6.2
Check: Rd files
Result: NOTE
checkRd: (-1) PVmodule.Rd:27: Lost braces; missing escapes or markup?
27 | In the resulting netSEM model, time was used as a proxy for damp heat exposure stress (S) variable and $P_{max}$ (maximum power generated by the modules) was used as the performance level response ($R$) variable, several mechanistic variables ($M$) were obtained through chemical evaluation methods, including FTIR and TGA on EVA encapsulant.
| ^
checkRd: (-1) netSEMp1.Rd:55: Lost braces
55 | For example, in the quadratic functional form y ~ b0 + b1x + b2x^2, the three P-values correspond two those of \\hat{b0}, \\hat{b1} and \\hat{b2}, respectively.
| ^
checkRd: (-1) netSEMp1.Rd:55: Lost braces
55 | For example, in the quadratic functional form y ~ b0 + b1x + b2x^2, the three P-values correspond two those of \\hat{b0}, \\hat{b1} and \\hat{b2}, respectively.
| ^
checkRd: (-1) netSEMp1.Rd:55: Lost braces
55 | For example, in the quadratic functional form y ~ b0 + b1x + b2x^2, the three P-values correspond two those of \\hat{b0}, \\hat{b1} and \\hat{b2}, respectively.
| ^
Flavors: r-devel-linux-x86_64-debian-clang, r-devel-linux-x86_64-debian-gcc, r-devel-linux-x86_64-fedora-clang, r-devel-linux-x86_64-fedora-gcc, r-devel-macos-arm64, r-devel-macos-x86_64, r-devel-windows-x86_64, r-patched-linux-x86_64, r-release-linux-x86_64, r-release-macos-arm64, r-release-macos-x86_64, r-release-windows-x86_64
These binaries (installable software) and packages are in development.
They may not be fully stable and should be used with caution. We make no claims about them.