CRAN Package Check Results for Package netcmc

Last updated on 2025-05-07 15:49:23 CEST.

Flavor Version Tinstall Tcheck Ttotal Status Flags
r-devel-linux-x86_64-debian-clang 1.0.2 393.32 106.99 500.31 NOTE
r-devel-linux-x86_64-debian-gcc 1.0.2 269.44 74.05 343.49 NOTE
r-devel-linux-x86_64-fedora-clang 1.0.2 1095.88 NOTE
r-devel-linux-x86_64-fedora-gcc 1.0.2 1126.87 NOTE
r-devel-windows-x86_64 1.0.2 454.00 143.00 597.00 NOTE
r-patched-linux-x86_64 1.0.2 388.44 99.85 488.29 NOTE
r-release-linux-x86_64 1.0.2 382.15 100.23 482.38 NOTE
r-release-macos-arm64 1.0.2 181.00 NOTE
r-release-macos-x86_64 1.0.2 191.00 NOTE
r-release-windows-x86_64 1.0.2 452.00 140.00 592.00 NOTE
r-oldrel-macos-arm64 1.0.2 212.00 NOTE
r-oldrel-macos-x86_64 1.0.2 204.00 NOTE
r-oldrel-windows-x86_64 1.0.2 529.00 177.00 706.00 NOTE

Check Details

Version: 1.0.2
Check: CRAN incoming feasibility
Result: NOTE Maintainer: ‘George Gerogiannis <g.gerogiannis.1@research.gla.ac.uk>’ No Authors@R field in DESCRIPTION. Please add one, modifying Authors@R: c(person(given = "George", family = "Gerogiannis", role = c("aut", "cre"), email = "g.gerogiannis.1@research.gla.ac.uk"), person(given = "Mark", family = "Tranmer", role = "aut"), person(given = "Duncan", family = "Lee", role = "aut")) as necessary. Flavors: r-devel-linux-x86_64-debian-clang, r-devel-linux-x86_64-debian-gcc

Version: 1.0.2
Check: C++ specification
Result: NOTE Specified C++11: please drop specification unless essential Flavors: r-devel-linux-x86_64-debian-clang, r-devel-linux-x86_64-debian-gcc, r-devel-linux-x86_64-fedora-clang, r-devel-linux-x86_64-fedora-gcc, r-devel-windows-x86_64, r-patched-linux-x86_64, r-release-linux-x86_64, r-release-macos-arm64, r-release-macos-x86_64, r-release-windows-x86_64, r-oldrel-macos-arm64, r-oldrel-macos-x86_64, r-oldrel-windows-x86_64

Version: 1.0.2
Check: installed package size
Result: NOTE installed size is 11.4Mb sub-directories of 1Mb or more: libs 11.2Mb Flavors: r-oldrel-macos-arm64, r-oldrel-macos-x86_64

These binaries (installable software) and packages are in development.
They may not be fully stable and should be used with caution. We make no claims about them.