Last updated on 2025-02-19 17:50:58 CET.
Flavor | Version | Tinstall | Tcheck | Ttotal | Status | Flags |
---|---|---|---|---|---|---|
r-devel-linux-x86_64-debian-clang | 1.0.2 | 387.74 | 99.80 | 487.54 | NOTE | |
r-devel-linux-x86_64-debian-gcc | 1.0.2 | 271.77 | 71.35 | 343.12 | NOTE | |
r-devel-linux-x86_64-fedora-clang | 1.0.2 | 1053.71 | NOTE | |||
r-devel-linux-x86_64-fedora-gcc | 1.0.2 | 914.92 | NOTE | |||
r-devel-macos-arm64 | 1.0.2 | 175.00 | NOTE | |||
r-devel-macos-x86_64 | 1.0.2 | 201.00 | NOTE | |||
r-devel-windows-x86_64 | 1.0.2 | 411.00 | 137.00 | 548.00 | NOTE | |
r-patched-linux-x86_64 | 1.0.2 | 390.24 | 93.07 | 483.31 | NOTE | |
r-release-linux-x86_64 | 1.0.2 | 383.49 | 93.31 | 476.80 | NOTE | |
r-release-macos-arm64 | 1.0.2 | 212.00 | NOTE | |||
r-release-macos-x86_64 | 1.0.2 | 204.00 | NOTE | |||
r-release-windows-x86_64 | 1.0.2 | 420.00 | 135.00 | 555.00 | NOTE | |
r-oldrel-macos-arm64 | 1.0.2 | 290.00 | NOTE | |||
r-oldrel-macos-x86_64 | 1.0.2 | 514.00 | NOTE | |||
r-oldrel-windows-x86_64 | 1.0.2 | 496.00 | 178.00 | 674.00 | NOTE |
Version: 1.0.2
Check: C++ specification
Result: NOTE
Specified C++11: please drop specification unless essential
Flavors: r-devel-linux-x86_64-debian-clang, r-devel-linux-x86_64-debian-gcc, r-devel-linux-x86_64-fedora-clang, r-devel-linux-x86_64-fedora-gcc, r-devel-macos-arm64, r-devel-macos-x86_64, r-devel-windows-x86_64, r-patched-linux-x86_64, r-release-linux-x86_64, r-release-macos-arm64, r-release-macos-x86_64, r-release-windows-x86_64, r-oldrel-macos-arm64, r-oldrel-macos-x86_64, r-oldrel-windows-x86_64
Version: 1.0.2
Check: installed package size
Result: NOTE
installed size is 11.4Mb
sub-directories of 1Mb or more:
libs 11.2Mb
Flavors: r-release-macos-arm64, r-release-macos-x86_64, r-oldrel-macos-arm64, r-oldrel-macos-x86_64
These binaries (installable software) and packages are in development.
They may not be fully stable and should be used with caution. We make no claims about them.