Last updated on 2025-02-16 08:50:55 CET.
Flavor | Version | Tinstall | Tcheck | Ttotal | Status | Flags |
---|---|---|---|---|---|---|
r-devel-linux-x86_64-debian-clang | 2.1.7 | 6.19 | 350.90 | 357.09 | OK | |
r-devel-linux-x86_64-debian-gcc | 2.1.7 | 4.53 | 222.44 | 226.97 | OK | |
r-devel-linux-x86_64-fedora-clang | 2.1.7 | 632.06 | NOTE | |||
r-devel-linux-x86_64-fedora-gcc | 2.1.7 | 557.49 | NOTE | |||
r-devel-macos-arm64 | 2.1.7 | 147.00 | OK | |||
r-devel-macos-x86_64 | 2.1.7 | 399.00 | OK | |||
r-devel-windows-x86_64 | 2.1.7 | 8.00 | 319.00 | 327.00 | OK | |
r-patched-linux-x86_64 | 2.1.7 | 6.49 | 332.71 | 339.20 | OK | |
r-release-linux-x86_64 | 2.1.7 | 6.01 | 328.89 | 334.90 | OK | |
r-release-macos-arm64 | 2.1.7 | 144.00 | OK | |||
r-release-macos-x86_64 | 2.1.7 | 331.00 | OK | |||
r-release-windows-x86_64 | 2.1.7 | 8.00 | 309.00 | 317.00 | OK | |
r-oldrel-macos-arm64 | 2.1.7 | 213.00 | OK | |||
r-oldrel-macos-x86_64 | 2.1.7 | 527.00 | OK | |||
r-oldrel-windows-x86_64 | 2.1.7 | 10.00 | 410.00 | 420.00 | OK |
Version: 2.1.7
Check: dependencies in R code
Result: NOTE
Namespaces in Imports field not imported from:
‘ggfortify’ ‘ggplot2’ ‘ggraph’ ‘reshape2’
All declared Imports should be used.
Flavors: r-devel-linux-x86_64-fedora-clang, r-devel-linux-x86_64-fedora-gcc
These binaries (installable software) and packages are in development.
They may not be fully stable and should be used with caution. We make no claims about them.