Last updated on 2025-10-03 03:50:49 CEST.
Flavor | Version | Tinstall | Tcheck | Ttotal | Status | Flags |
---|---|---|---|---|---|---|
r-devel-linux-x86_64-debian-clang | 2.1.7 | 6.37 | 357.93 | 364.30 | OK | |
r-devel-linux-x86_64-debian-gcc | 2.1.7 | 3.99 | 227.58 | 231.57 | OK | |
r-devel-linux-x86_64-fedora-clang | 2.1.7 | 569.71 | NOTE | |||
r-devel-linux-x86_64-fedora-gcc | 2.1.7 | 565.19 | NOTE | |||
r-devel-windows-x86_64 | 2.1.7 | 8.00 | 306.00 | 314.00 | OK | |
r-patched-linux-x86_64 | 2.1.7 | 6.98 | 342.04 | 349.02 | OK | |
r-release-linux-x86_64 | 2.1.7 | 4.82 | 341.96 | 346.78 | OK | |
r-release-macos-arm64 | 2.1.7 | 146.00 | OK | |||
r-release-macos-x86_64 | 2.1.7 | 399.00 | OK | |||
r-release-windows-x86_64 | 2.1.7 | 9.00 | 311.00 | 320.00 | OK | |
r-oldrel-macos-arm64 | 2.1.7 | 144.00 | OK | |||
r-oldrel-macos-x86_64 | 2.1.7 | 331.00 | OK | |||
r-oldrel-windows-x86_64 | 2.1.7 | 11.00 | 438.00 | 449.00 | OK |
Version: 2.1.7
Check: dependencies in R code
Result: NOTE
Namespaces in Imports field not imported from:
‘ggfortify’ ‘ggplot2’ ‘ggraph’ ‘reshape2’
All declared Imports should be used.
Flavors: r-devel-linux-x86_64-fedora-clang, r-devel-linux-x86_64-fedora-gcc
These binaries (installable software) and packages are in development.
They may not be fully stable and should be used with caution. We make no claims about them.