Last updated on 2025-05-01 08:52:39 CEST.
Flavor | Version | Tinstall | Tcheck | Ttotal | Status | Flags |
---|---|---|---|---|---|---|
r-devel-linux-x86_64-debian-clang | 1.22.6 | 107.54 | 370.51 | 478.05 | NOTE | |
r-devel-linux-x86_64-debian-gcc | 1.22.6 | 78.13 | 236.58 | 314.71 | NOTE | |
r-devel-linux-x86_64-fedora-clang | 1.22.6 | 829.47 | OK | |||
r-devel-linux-x86_64-fedora-gcc | 1.22.6 | 795.06 | OK | |||
r-devel-windows-x86_64 | 1.22.6 | 122.00 | 250.00 | 372.00 | OK | --no-vignettes |
r-patched-linux-x86_64 | 1.22.6 | 117.88 | 348.34 | 466.22 | OK | |
r-release-linux-x86_64 | OK | |||||
r-release-macos-arm64 | 1.22.6 | 223.00 | OK | |||
r-release-macos-x86_64 | 1.22.6 | 427.00 | OK | |||
r-release-windows-x86_64 | 1.22.6 | 124.00 | 252.00 | 376.00 | OK | --no-vignettes |
r-oldrel-macos-arm64 | 1.22.6 | 177.00 | NOTE | |||
r-oldrel-macos-x86_64 | 1.22.6 | 252.00 | NOTE | |||
r-oldrel-windows-x86_64 | 1.22.6 | 140.00 | 339.00 | 479.00 | NOTE | --no-vignettes |
Version: 1.22.6
Check: DESCRIPTION meta-information
Result: NOTE
Author field differs from that derived from Authors@R
Author: ‘George Vega Yon [aut, cre] (<https://orcid.org/0000-0002-3171-0844>, Rewrite functions with Rcpp, plus new features), Thomas Valente [aut, cph] (<https://orcid.org/0000-0002-8824-5816>, R original code), Stephanie Dyal [ctb] (Package‘s first version), Timothy Hayes [ctb] (Package’s first version)’
Authors@R: ‘George Vega Yon [aut, cre] (ORCID: <https://orcid.org/0000-0002-3171-0844>, what: Rewrite functions with Rcpp, plus new features), Thomas Valente [aut, cph] (ORCID: <https://orcid.org/0000-0002-8824-5816>, what: R original code), Stephanie Dyal [ctb] (Package‘s first version), Timothy Hayes [ctb] (Package’s first version)’
Flavors: r-devel-linux-x86_64-debian-clang, r-devel-linux-x86_64-debian-gcc
Version: 1.22.6
Check: examples
Result: NOTE
Examples with CPU (user + system) or elapsed time > 5s
user system elapsed
diffusionMap 5.285 0.030 6.296
rewire_graph 4.666 0.074 5.411
c.diffnet 3.484 0.024 5.004
Flavor: r-devel-linux-x86_64-debian-clang
Version: 1.22.6
Check: installed package size
Result: NOTE
installed size is 9.9Mb
sub-directories of 1Mb or more:
doc 2.5Mb
libs 5.5Mb
Flavors: r-oldrel-macos-arm64, r-oldrel-macos-x86_64
Version: 1.22.6
Flags: --no-vignettes
Check: installed package size
Result: NOTE
installed size is 5.8Mb
sub-directories of 1Mb or more:
doc 2.5Mb
libs 1.5Mb
Flavor: r-oldrel-windows-x86_64
These binaries (installable software) and packages are in development.
They may not be fully stable and should be used with caution. We make no claims about them.