CRAN Package Check Results for Package netgwas

Last updated on 2025-05-08 04:52:12 CEST.

Flavor Version Tinstall Tcheck Ttotal Status Flags
r-devel-linux-x86_64-debian-clang 1.14.3 9.53 126.49 136.02 NOTE
r-devel-linux-x86_64-debian-gcc 1.14.3 7.87 100.13 108.00 NOTE
r-devel-linux-x86_64-fedora-clang 1.14.3 218.35 OK
r-devel-linux-x86_64-fedora-gcc 1.14.3 212.69 OK
r-devel-windows-x86_64 1.14.3 12.00 136.00 148.00 NOTE
r-patched-linux-x86_64 1.14.3 10.67 121.03 131.70 NOTE
r-release-linux-x86_64 1.14.3 10.42 120.68 131.10 NOTE
r-release-macos-arm64 1.14.3 65.00 OK
r-release-macos-x86_64 1.14.3 124.00 OK
r-release-windows-x86_64 1.14.3 12.00 136.00 148.00 NOTE
r-oldrel-macos-arm64 1.14.3 60.00 OK
r-oldrel-macos-x86_64 1.14.3 124.00 OK
r-oldrel-windows-x86_64 1.14.3 16.00 174.00 190.00 OK

Check Details

Version: 1.14.3
Check: Rd cross-references
Result: NOTE Found the following Rd file(s) with Rd \link{} targets missing package anchors: plot.select.Rd: select Please provide package anchors for all Rd \link{} targets not in the package itself and the base packages. Flavors: r-devel-linux-x86_64-debian-clang, r-devel-linux-x86_64-debian-gcc, r-devel-windows-x86_64, r-patched-linux-x86_64, r-release-linux-x86_64, r-release-windows-x86_64

These binaries (installable software) and packages are in development.
They may not be fully stable and should be used with caution. We make no claims about them.