Last updated on 2025-11-11 15:50:40 CET.
| Flavor | Version | Tinstall | Tcheck | Ttotal | Status | Flags |
|---|---|---|---|---|---|---|
| r-devel-linux-x86_64-debian-clang | 1.14.4 | 10.28 | 128.17 | 138.45 | OK | |
| r-devel-linux-x86_64-debian-gcc | 1.14.4 | 6.62 | 102.10 | 108.72 | OK | |
| r-devel-linux-x86_64-fedora-clang | 1.14.4 | 51.00 | 168.97 | 219.97 | OK | |
| r-devel-linux-x86_64-fedora-gcc | 1.14.4 | 21.00 | 179.72 | 200.72 | OK | |
| r-devel-windows-x86_64 | 1.14.3 | 12.00 | 131.00 | 143.00 | NOTE | |
| r-patched-linux-x86_64 | 1.14.3 | 11.07 | 124.18 | 135.25 | NOTE | |
| r-release-linux-x86_64 | 1.14.3 | 10.56 | 123.82 | 134.38 | NOTE | |
| r-release-macos-arm64 | 1.14.4 | 5.00 | 55.00 | 60.00 | OK | |
| r-release-macos-x86_64 | 1.14.4 | 10.00 | 113.00 | 123.00 | OK | |
| r-release-windows-x86_64 | 1.14.3 | 11.00 | 134.00 | 145.00 | NOTE | |
| r-oldrel-macos-arm64 | 1.14.4 | 5.00 | 59.00 | 64.00 | OK | |
| r-oldrel-macos-x86_64 | 1.14.4 | 17.00 | 131.00 | 148.00 | OK | |
| r-oldrel-windows-x86_64 | 1.14.3 | 16.00 | 168.00 | 184.00 | OK |
Version: 1.14.3
Check: Rd cross-references
Result: NOTE
Found the following Rd file(s) with Rd \link{} targets missing package
anchors:
plot.select.Rd: select
Please provide package anchors for all Rd \link{} targets not in the
package itself and the base packages.
Flavors: r-devel-windows-x86_64, r-patched-linux-x86_64, r-release-linux-x86_64, r-release-windows-x86_64
These binaries (installable software) and packages are in development.
They may not be fully stable and should be used with caution. We make no claims about them.