Last updated on 2025-05-01 14:49:16 CEST.
Flavor | Version | Tinstall | Tcheck | Ttotal | Status | Flags |
---|---|---|---|---|---|---|
r-devel-linux-x86_64-debian-clang | 0.3-0 | 6.67 | 107.18 | 113.85 | NOTE | |
r-devel-linux-x86_64-debian-gcc | 0.3-0 | 3.95 | 72.62 | 76.57 | OK | |
r-devel-linux-x86_64-fedora-clang | 0.3-0 | 187.41 | OK | |||
r-devel-linux-x86_64-fedora-gcc | 0.3-0 | 184.42 | OK | |||
r-devel-windows-x86_64 | 0.3-0 | 8.00 | 320.00 | 328.00 | OK | |
r-patched-linux-x86_64 | 0.3-0 | 5.48 | 101.93 | 107.41 | OK | |
r-release-linux-x86_64 | OK | |||||
r-release-macos-arm64 | 0.3-0 | 54.00 | OK | |||
r-release-macos-x86_64 | 0.3-0 | 116.00 | OK | |||
r-release-windows-x86_64 | 0.3-0 | 8.00 | 330.00 | 338.00 | OK | |
r-oldrel-macos-arm64 | 0.3-0 | 60.00 | OK | |||
r-oldrel-macos-x86_64 | 0.3-0 | 162.00 | OK | |||
r-oldrel-windows-x86_64 | 0.3-0 | 11.00 | 340.00 | 351.00 | OK |
Version: 0.3-0
Check: examples
Result: NOTE
Examples with CPU (user + system) or elapsed time > 5s
user system elapsed
nplot_legend 6.121 0.067 7.842
Flavor: r-devel-linux-x86_64-debian-clang
These binaries (installable software) and packages are in development.
They may not be fully stable and should be used with caution. We make no claims about them.