Last updated on 2025-10-23 11:50:20 CEST.
Flavor | Version | Tinstall | Tcheck | Ttotal | Status | Flags |
---|---|---|---|---|---|---|
r-devel-linux-x86_64-debian-clang | 1.2.4 | 107.03 | 115.18 | 222.21 | OK | |
r-devel-linux-x86_64-debian-gcc | 1.2.4 | 66.68 | 85.56 | 152.24 | OK | |
r-devel-linux-x86_64-fedora-clang | 1.2.4 | 333.00 | 79.37 | 412.37 | OK | |
r-devel-linux-x86_64-fedora-gcc | 1.2.4 | 217.00 | 165.45 | 382.45 | OK | |
r-devel-windows-x86_64 | 1.2.4 | 122.00 | 153.00 | 275.00 | OK | |
r-patched-linux-x86_64 | 1.2.4 | 103.34 | 108.93 | 212.27 | OK | |
r-release-linux-x86_64 | 1.2.4 | 106.74 | 108.35 | 215.09 | OK | |
r-release-macos-arm64 | 1.2.4 | 43.00 | 74.00 | 117.00 | OK | |
r-release-macos-x86_64 | 1.2.4 | 46.00 | 118.00 | 164.00 | OK | |
r-release-windows-x86_64 | 1.2.4 | 123.00 | 149.00 | 272.00 | OK | |
r-oldrel-macos-arm64 | 1.2.4 | 43.00 | 79.00 | 122.00 | NOTE | |
r-oldrel-macos-x86_64 | 1.2.4 | 55.00 | 155.00 | 210.00 | NOTE | |
r-oldrel-windows-x86_64 | 1.2.4 | 145.00 | 183.00 | 328.00 | OK |
Version: 1.2.4
Check: installed package size
Result: NOTE
installed size is 7.4Mb
sub-directories of 1Mb or more:
doc 1.7Mb
libs 5.4Mb
Flavors: r-oldrel-macos-arm64, r-oldrel-macos-x86_64
These binaries (installable software) and packages are in development.
They may not be fully stable and should be used with caution. We make no claims about them.