Last updated on 2025-11-13 15:51:18 CET.
| Flavor | Version | Tinstall | Tcheck | Ttotal | Status | Flags |
|---|---|---|---|---|---|---|
| r-devel-linux-x86_64-debian-clang | 1.2.4 | 101.61 | 114.65 | 216.26 | OK | |
| r-devel-linux-x86_64-debian-gcc | 1.2.4 | 66.00 | 85.67 | 151.67 | OK | |
| r-devel-linux-x86_64-fedora-clang | 1.2.4 | 200.00 | 202.32 | 402.32 | OK | |
| r-devel-linux-x86_64-fedora-gcc | 1.2.4 | 172.00 | 197.58 | 369.58 | OK | |
| r-devel-windows-x86_64 | 1.2.4 | 125.00 | 151.00 | 276.00 | OK | |
| r-patched-linux-x86_64 | 1.2.4 | 102.28 | 108.29 | 210.57 | OK | |
| r-release-linux-x86_64 | 1.2.4 | 102.31 | 108.65 | 210.96 | OK | |
| r-release-macos-arm64 | 1.2.4 | 43.00 | 74.00 | 117.00 | OK | |
| r-release-macos-x86_64 | 1.2.4 | 46.00 | 118.00 | 164.00 | OK | |
| r-release-windows-x86_64 | 1.2.4 | 120.00 | 149.00 | 269.00 | OK | |
| r-oldrel-macos-arm64 | 1.2.4 | 43.00 | 79.00 | 122.00 | NOTE | |
| r-oldrel-macos-x86_64 | 1.2.4 | 55.00 | 155.00 | 210.00 | NOTE | |
| r-oldrel-windows-x86_64 | 1.2.4 | 142.00 | 185.00 | 327.00 | OK |
Version: 1.2.4
Check: installed package size
Result: NOTE
installed size is 7.4Mb
sub-directories of 1Mb or more:
doc 1.7Mb
libs 5.4Mb
Flavors: r-oldrel-macos-arm64, r-oldrel-macos-x86_64
These binaries (installable software) and packages are in development.
They may not be fully stable and should be used with caution. We make no claims about them.