Last updated on 2025-05-01 17:56:09 CEST.
Flavor | Version | Tinstall | Tcheck | Ttotal | Status | Flags |
---|---|---|---|---|---|---|
r-devel-linux-x86_64-debian-clang | 1.0.1 | 10.03 | 65.89 | 75.92 | NOTE | |
r-devel-linux-x86_64-debian-gcc | 1.0.1 | 7.11 | 48.94 | 56.05 | NOTE | |
r-devel-linux-x86_64-fedora-clang | 1.0.1 | 122.01 | OK | |||
r-devel-linux-x86_64-fedora-gcc | 1.0.1 | 140.05 | OK | |||
r-devel-windows-x86_64 | 1.0.1 | 11.00 | 86.00 | 97.00 | OK | |
r-patched-linux-x86_64 | 1.0.1 | 8.69 | 62.52 | 71.21 | OK | |
r-release-linux-x86_64 | OK | |||||
r-release-macos-arm64 | 1.0.1 | 55.00 | OK | |||
r-release-macos-x86_64 | 1.0.1 | 122.00 | OK | |||
r-release-windows-x86_64 | 1.0.1 | 10.00 | 92.00 | 102.00 | OK | |
r-oldrel-macos-arm64 | 1.0.1 | 44.00 | OK | |||
r-oldrel-macos-x86_64 | 1.0.1 | 98.00 | OK | |||
r-oldrel-windows-x86_64 | 1.0.1 | 13.00 | 93.00 | 106.00 | OK |
Version: 1.0.1
Check: CRAN incoming feasibility
Result: NOTE
Maintainer: ‘Frank W. Marrs <frank.marrs@colostate.edu>’
The Description field contains
<arXiv:1701.05530>.
Please refer to arXiv e-prints via their arXiv DOI <doi:10.48550/arXiv.YYMM.NNNNN>.
Flavors: r-devel-linux-x86_64-debian-clang, r-devel-linux-x86_64-debian-gcc
These binaries (installable software) and packages are in development.
They may not be fully stable and should be used with caution. We make no claims about them.