Last updated on 2025-02-16 08:50:55 CET.
Flavor | Version | Tinstall | Tcheck | Ttotal | Status | Flags |
---|---|---|---|---|---|---|
r-devel-linux-x86_64-debian-clang | 1.0.0 | 26.60 | 269.45 | 296.05 | NOTE | |
r-devel-linux-x86_64-debian-gcc | 1.0.0 | 18.82 | 176.40 | 195.22 | NOTE | |
r-devel-linux-x86_64-fedora-clang | 1.0.0 | 486.62 | NOTE | |||
r-devel-linux-x86_64-fedora-gcc | 1.0.0 | 471.59 | NOTE | |||
r-devel-macos-arm64 | 1.0.0 | 142.00 | NOTE | |||
r-devel-macos-x86_64 | 1.0.0 | 337.00 | NOTE | |||
r-devel-windows-x86_64 | 1.0.0 | 29.00 | 541.00 | 570.00 | NOTE | |
r-patched-linux-x86_64 | 1.0.0 | 24.90 | 268.27 | 293.17 | NOTE | |
r-release-linux-x86_64 | 1.0.0 | 24.15 | 267.50 | 291.65 | NOTE | |
r-release-macos-arm64 | 1.0.0 | 130.00 | NOTE | |||
r-release-macos-x86_64 | 1.0.0 | 264.00 | NOTE | |||
r-release-windows-x86_64 | 1.0.0 | 29.00 | 515.00 | 544.00 | NOTE | |
r-oldrel-macos-arm64 | 1.0.0 | 175.00 | OK | |||
r-oldrel-macos-x86_64 | 1.0.0 | 292.00 | OK | |||
r-oldrel-windows-x86_64 | 1.0.0 | 37.00 | 437.00 | 474.00 | OK |
Version: 1.0.0
Check: Rd files
Result: NOTE
checkRd: (-1) spec_clust.Rd:33: Lost braces; missing escapes or markup?
33 | A label vector of size n x 1 with elements in {1,2,...,K}
| ^
Flavors: r-devel-linux-x86_64-debian-clang, r-devel-linux-x86_64-debian-gcc, r-devel-linux-x86_64-fedora-clang, r-devel-linux-x86_64-fedora-gcc, r-devel-macos-arm64, r-devel-macos-x86_64, r-devel-windows-x86_64, r-patched-linux-x86_64, r-release-linux-x86_64, r-release-macos-arm64, r-release-macos-x86_64, r-release-windows-x86_64
These binaries (installable software) and packages are in development.
They may not be fully stable and should be used with caution. We make no claims about them.