Last updated on 2025-02-16 08:50:55 CET.
Flavor | Version | Tinstall | Tcheck | Ttotal | Status | Flags |
---|---|---|---|---|---|---|
r-devel-linux-x86_64-debian-clang | 0.1.4 | 5.62 | 53.09 | 58.71 | NOTE | |
r-devel-linux-x86_64-debian-gcc | 0.1.4 | 3.93 | 39.08 | 43.01 | NOTE | |
r-devel-linux-x86_64-fedora-clang | 0.1.4 | 96.61 | NOTE | |||
r-devel-linux-x86_64-fedora-gcc | 0.1.4 | 104.41 | NOTE | |||
r-devel-macos-arm64 | 0.1.4 | 38.00 | NOTE | |||
r-devel-macos-x86_64 | 0.1.4 | 70.00 | NOTE | |||
r-devel-windows-x86_64 | 0.1.4 | 9.00 | 72.00 | 81.00 | NOTE | |
r-patched-linux-x86_64 | 0.1.4 | 4.83 | 49.57 | 54.40 | NOTE | |
r-release-linux-x86_64 | 0.1.4 | 5.37 | 49.99 | 55.36 | NOTE | |
r-release-macos-arm64 | 0.1.4 | 38.00 | NOTE | |||
r-release-macos-x86_64 | 0.1.4 | 60.00 | NOTE | |||
r-release-windows-x86_64 | 0.1.4 | 9.00 | 72.00 | 81.00 | NOTE | |
r-oldrel-macos-arm64 | 0.1.4 | 35.00 | OK | |||
r-oldrel-macos-x86_64 | 0.1.4 | 53.00 | OK | |||
r-oldrel-windows-x86_64 | 0.1.4 | 9.00 | 81.00 | 90.00 | OK |
Version: 0.1.4
Check: Rd files
Result: NOTE
checkRd: (-1) nettskjema_get_data.Rd:64-65: Lost braces in \itemize; meant \describe ?
checkRd: (-1) nettskjema_get_data.Rd:66-67: Lost braces in \itemize; meant \describe ?
checkRd: (-1) nettskjema_get_data.Rd:68-69: Lost braces in \itemize; meant \describe ?
checkRd: (-1) nettskjema_token2renviron.Rd:32: Lost braces in \itemize; meant \describe ?
checkRd: (-1) nettskjema_token2renviron.Rd:33: Lost braces in \itemize; meant \describe ?
checkRd: (-1) nettskjema_token2renviron.Rd:34: Lost braces in \itemize; meant \describe ?
checkRd: (-1) nettskjema_write_codebook.Rd:44: Lost braces in \itemize; meant \describe ?
checkRd: (-1) nettskjema_write_codebook.Rd:45: Lost braces in \itemize; meant \describe ?
Flavors: r-devel-linux-x86_64-debian-clang, r-devel-linux-x86_64-debian-gcc, r-devel-linux-x86_64-fedora-clang, r-devel-linux-x86_64-fedora-gcc, r-devel-macos-arm64, r-devel-macos-x86_64, r-devel-windows-x86_64, r-patched-linux-x86_64, r-release-linux-x86_64, r-release-macos-arm64, r-release-macos-x86_64, r-release-windows-x86_64
These binaries (installable software) and packages are in development.
They may not be fully stable and should be used with caution. We make no claims about them.