Last updated on 2025-05-03 22:50:01 CEST.
Flavor | Version | Tinstall | Tcheck | Ttotal | Status | Flags |
---|---|---|---|---|---|---|
r-devel-linux-x86_64-debian-clang | 0.8-1 | 6.38 | 57.46 | 63.84 | NOTE | |
r-devel-linux-x86_64-debian-gcc | 0.8-1 | 4.96 | 41.68 | 46.64 | NOTE | |
r-devel-linux-x86_64-fedora-clang | 0.8-1 | 100.19 | OK | |||
r-devel-linux-x86_64-fedora-gcc | 0.8-1 | 115.74 | OK | |||
r-devel-windows-x86_64 | 0.8-1 | 12.00 | 79.00 | 91.00 | OK | |
r-patched-linux-x86_64 | 0.8-1 | 6.66 | 52.67 | 59.33 | OK | |
r-release-linux-x86_64 | OK | |||||
r-release-macos-arm64 | 0.8-1 | 40.00 | OK | |||
r-release-macos-x86_64 | 0.8-1 | 74.00 | OK | |||
r-release-windows-x86_64 | 0.8-1 | 13.00 | 79.00 | 92.00 | OK | |
r-oldrel-macos-arm64 | 0.8-1 | 42.00 | OK | |||
r-oldrel-macos-x86_64 | 0.8-1 | 89.00 | OK | |||
r-oldrel-windows-x86_64 | 0.8-1 | 15.00 | 94.00 | 109.00 | OK |
Version: 0.8-1
Check: CRAN incoming feasibility
Result: NOTE
Maintainer: ‘Frederic Bertrand <frederic.bertrand@utt.fr>’
Package CITATION file contains call(s) to old-style personList() or
as.personList(). Please use c() on person objects instead.
Package CITATION file contains call(s) to old-style citEntry(). Please
use bibentry() instead.
Flavors: r-devel-linux-x86_64-debian-clang, r-devel-linux-x86_64-debian-gcc
These binaries (installable software) and packages are in development.
They may not be fully stable and should be used with caution. We make no claims about them.