Last updated on 2025-05-01 08:52:39 CEST.
Flavor | Version | Tinstall | Tcheck | Ttotal | Status | Flags |
---|---|---|---|---|---|---|
r-devel-linux-x86_64-debian-clang | 0.1.2 | 23.60 | 59.16 | 82.76 | NOTE | |
r-devel-linux-x86_64-debian-gcc | 0.1.2 | 16.72 | 44.91 | 61.63 | NOTE | |
r-devel-linux-x86_64-fedora-clang | 0.1.2 | 142.82 | NOTE | |||
r-devel-linux-x86_64-fedora-gcc | 0.1.2 | 127.97 | NOTE | |||
r-devel-windows-x86_64 | 0.1.2 | 27.00 | 100.00 | 127.00 | NOTE | |
r-patched-linux-x86_64 | 0.1.2 | 22.35 | 55.67 | 78.02 | NOTE | |
r-release-linux-x86_64 | NOTE | |||||
r-release-macos-arm64 | 0.1.2 | 42.00 | NOTE | |||
r-release-macos-x86_64 | 0.1.2 | 88.00 | NOTE | |||
r-release-windows-x86_64 | 0.1.2 | 28.00 | 105.00 | 133.00 | NOTE | |
r-oldrel-macos-arm64 | 0.1.2 | 36.00 | NOTE | |||
r-oldrel-macos-x86_64 | 0.1.2 | 57.00 | NOTE | |||
r-oldrel-windows-x86_64 | 0.1.2 | 32.00 | 111.00 | 143.00 | NOTE |
Version: 0.1.2
Check: C++ specification
Result: NOTE
Specified C++11: please drop specification unless essential
Flavors: r-devel-linux-x86_64-debian-clang, r-devel-linux-x86_64-debian-gcc, r-devel-linux-x86_64-fedora-clang, r-devel-linux-x86_64-fedora-gcc, r-devel-windows-x86_64, r-patched-linux-x86_64, r-release-linux-x86_64, r-release-macos-arm64, r-release-macos-x86_64, r-release-windows-x86_64, r-oldrel-macos-arm64, r-oldrel-macos-x86_64, r-oldrel-windows-x86_64
These binaries (installable software) and packages are in development.
They may not be fully stable and should be used with caution. We make no claims about them.