Last updated on 2025-11-12 18:50:39 CET.
| Flavor | Version | Tinstall | Tcheck | Ttotal | Status | Flags |
|---|---|---|---|---|---|---|
| r-devel-linux-x86_64-debian-clang | 0.1-2 | 2060.92 | 287.45 | 2348.37 | NOTE | |
| r-devel-linux-x86_64-debian-gcc | 0.1-2 | 1822.69 | 359.40 | 2182.09 | NOTE | |
| r-devel-linux-x86_64-fedora-clang | 0.1-2 | 3840.00 | -305.46 | 3534.54 | NOTE | |
| r-devel-linux-x86_64-fedora-gcc | 0.1-2 | 6180.00 | -934.81 | 5245.19 | NOTE | |
| r-devel-windows-x86_64 | 0.1-2 | 2219.00 | 497.00 | 2716.00 | OK | |
| r-patched-linux-x86_64 | 0.1-2 | 2432.54 | 507.70 | 2940.24 | OK | |
| r-release-linux-x86_64 | 0.1-2 | 2439.27 | 506.72 | 2945.99 | OK | |
| r-release-macos-arm64 | 0.1-2 | 840.00 | 97.00 | 937.00 | OK | |
| r-release-macos-x86_64 | 0.1-2 | 780.00 | 197.00 | 977.00 | OK | |
| r-release-windows-x86_64 | 0.1-2 | 2175.00 | 491.00 | 2666.00 | OK | |
| r-oldrel-macos-arm64 | 0.1-2 | 433.00 | 90.00 | 523.00 | NOTE | |
| r-oldrel-macos-x86_64 | 0.1-2 | 264.00 | 123.00 | 387.00 | NOTE | |
| r-oldrel-windows-x86_64 | 0.1-2 | 2502.00 | 604.00 | 3106.00 | NOTE |
Version: 0.1-2
Check: CRAN incoming feasibility
Result: NOTE
Maintainer: ‘Ian Laga <ilaga25@gmail.com>’
The Description field contains
Niu, X (2021) <arXiv:2109.10204>, Zheng, T., Salganik, M. J., and
Please refer to arXiv e-prints via their arXiv DOI <doi:10.48550/arXiv.YYMM.NNNNN>.
Flavors: r-devel-linux-x86_64-debian-clang, r-devel-linux-x86_64-debian-gcc
Version: 0.1-2
Check: dependencies in R code
Result: NOTE
Namespaces in Imports field not imported from:
‘RcppParallel’ ‘rstantools’
All declared Imports should be used.
Flavors: r-devel-linux-x86_64-fedora-clang, r-devel-linux-x86_64-fedora-gcc
Version: 0.1-2
Check: installed package size
Result: NOTE
installed size is 244.2Mb
sub-directories of 1Mb or more:
libs 243.5Mb
Flavors: r-oldrel-macos-arm64, r-oldrel-macos-x86_64, r-oldrel-windows-x86_64
Version: 0.1-2
Check: for GNU extensions in Makefiles
Result: NOTE
GNU make is a SystemRequirements.
Flavors: r-oldrel-macos-arm64, r-oldrel-macos-x86_64, r-oldrel-windows-x86_64
These binaries (installable software) and packages are in development.
They may not be fully stable and should be used with caution. We make no claims about them.