Last updated on 2025-02-16 08:50:55 CET.
Flavor | Version | Tinstall | Tcheck | Ttotal | Status | Flags |
---|---|---|---|---|---|---|
r-devel-linux-x86_64-debian-clang | 0.1-2 | 2026.12 | 274.05 | 2300.17 | OK | |
r-devel-linux-x86_64-debian-gcc | 0.1-2 | 1870.36 | 354.95 | 2225.31 | OK | |
r-devel-linux-x86_64-fedora-clang | 0.1-2 | 3628.86 | NOTE | |||
r-devel-linux-x86_64-fedora-gcc | 0.1-2 | 5612.22 | NOTE | |||
r-devel-macos-arm64 | 0.1-2 | 915.00 | OK | |||
r-devel-macos-x86_64 | 0.1-2 | 977.00 | OK | |||
r-devel-windows-x86_64 | 0.1-2 | 1880.00 | 469.00 | 2349.00 | OK | |
r-patched-linux-x86_64 | 0.1-2 | 2400.35 | 478.93 | 2879.28 | NOTE | |
r-release-linux-x86_64 | 0.1-2 | 2432.27 | 480.77 | 2913.04 | NOTE | |
r-release-macos-arm64 | 0.1-2 | 523.00 | NOTE | |||
r-release-macos-x86_64 | 0.1-2 | 387.00 | NOTE | |||
r-release-windows-x86_64 | 0.1-2 | 1892.00 | 473.00 | 2365.00 | NOTE | |
r-oldrel-macos-arm64 | 0.1-2 | 876.00 | NOTE | |||
r-oldrel-macos-x86_64 | 0.1-2 | 830.00 | NOTE | |||
r-oldrel-windows-x86_64 | 0.1-2 | 2641.00 | 591.00 | 3232.00 | NOTE |
Version: 0.1-2
Check: dependencies in R code
Result: NOTE
Namespaces in Imports field not imported from:
‘RcppParallel’ ‘rstantools’
All declared Imports should be used.
Flavors: r-devel-linux-x86_64-fedora-clang, r-devel-linux-x86_64-fedora-gcc
Version: 0.1-2
Check: for GNU extensions in Makefiles
Result: NOTE
GNU make is a SystemRequirements.
Flavors: r-patched-linux-x86_64, r-release-linux-x86_64, r-release-macos-arm64, r-release-macos-x86_64, r-release-windows-x86_64, r-oldrel-macos-arm64, r-oldrel-macos-x86_64, r-oldrel-windows-x86_64
Version: 0.1-2
Check: installed package size
Result: NOTE
installed size is 244.2Mb
sub-directories of 1Mb or more:
libs 243.5Mb
Flavors: r-release-macos-arm64, r-release-macos-x86_64, r-release-windows-x86_64, r-oldrel-macos-arm64, r-oldrel-macos-x86_64, r-oldrel-windows-x86_64
These binaries (installable software) and packages are in development.
They may not be fully stable and should be used with caution. We make no claims about them.