CRAN Package Check Results for Package networkscaleup

Last updated on 2025-07-04 07:49:34 CEST.

Flavor Version Tinstall Tcheck Ttotal Status Flags
r-devel-linux-x86_64-debian-clang 0.1-2 2114.74 275.30 2390.04 NOTE
r-devel-linux-x86_64-debian-gcc 0.1-2 1916.73 350.50 2267.23 NOTE
r-devel-linux-x86_64-fedora-clang 0.1-2 3628.41 NOTE
r-devel-linux-x86_64-fedora-gcc 0.1-2 5130.11 NOTE
r-devel-windows-x86_64 0.1-2 2130.00 521.00 2651.00 OK
r-patched-linux-x86_64 0.1-2 2488.68 498.81 2987.49 OK
r-release-linux-x86_64 0.1-2 2366.75 497.76 2864.51 OK
r-release-macos-arm64 0.1-2 937.00 OK
r-release-macos-x86_64 0.1-2 977.00 OK
r-release-windows-x86_64 0.1-2 2187.00 515.00 2702.00 OK
r-oldrel-macos-arm64 0.1-2 523.00 NOTE
r-oldrel-macos-x86_64 0.1-2 387.00 NOTE
r-oldrel-windows-x86_64 0.1-2 2481.00 614.00 3095.00 NOTE

Check Details

Version: 0.1-2
Check: CRAN incoming feasibility
Result: NOTE Maintainer: ‘Ian Laga <ilaga25@gmail.com>’ The Description field contains Niu, X (2021) <arXiv:2109.10204>, Zheng, T., Salganik, M. J., and Please refer to arXiv e-prints via their arXiv DOI <doi:10.48550/arXiv.YYMM.NNNNN>. Flavors: r-devel-linux-x86_64-debian-clang, r-devel-linux-x86_64-debian-gcc

Version: 0.1-2
Check: dependencies in R code
Result: NOTE Namespaces in Imports field not imported from: ‘RcppParallel’ ‘rstantools’ All declared Imports should be used. Flavors: r-devel-linux-x86_64-fedora-clang, r-devel-linux-x86_64-fedora-gcc

Version: 0.1-2
Check: installed package size
Result: NOTE installed size is 244.2Mb sub-directories of 1Mb or more: libs 243.5Mb Flavors: r-oldrel-macos-arm64, r-oldrel-macos-x86_64, r-oldrel-windows-x86_64

Version: 0.1-2
Check: for GNU extensions in Makefiles
Result: NOTE GNU make is a SystemRequirements. Flavors: r-oldrel-macos-arm64, r-oldrel-macos-x86_64, r-oldrel-windows-x86_64

These binaries (installable software) and packages are in development.
They may not be fully stable and should be used with caution. We make no claims about them.