CRAN Package Check Results for Package networksem

Last updated on 2025-05-01 17:56:09 CEST.

Flavor Version Tinstall Tcheck Ttotal Status Flags
r-devel-linux-x86_64-debian-clang 0.3 6.90 66.49 73.39 NOTE
r-devel-linux-x86_64-debian-gcc 0.3 4.95 47.17 52.12 OK
r-devel-linux-x86_64-fedora-clang 0.3 122.40 OK
r-devel-linux-x86_64-fedora-gcc 0.3 107.54 OK
r-devel-windows-x86_64 0.3 10.00 82.00 92.00 OK
r-patched-linux-x86_64 0.3 5.38 62.00 67.38 OK
r-release-linux-x86_64 OK
r-release-macos-arm64 0.3 37.00 OK
r-release-macos-x86_64 0.3 60.00 OK
r-release-windows-x86_64 0.3 10.00 84.00 94.00 OK
r-oldrel-macos-arm64 0.3 38.00 OK
r-oldrel-macos-x86_64 0.3 59.00 OK
r-oldrel-windows-x86_64 0.3 11.00 101.00 112.00 OK

Check Details

Version: 0.3
Check: examples
Result: NOTE Examples with CPU (user + system) or elapsed time > 5s user system elapsed sem.net.edge 9.022 0.157 12.346 sem.net.edge.lsm 5.709 0.055 7.528 Flavor: r-devel-linux-x86_64-debian-clang

Version: 0.3
Check: examples
Result: NA user system elapsed sem.net.edge 4.439 0.131 5.075 OK Flavor: r-devel-linux-x86_64-debian-gcc

These binaries (installable software) and packages are in development.
They may not be fully stable and should be used with caution. We make no claims about them.