Last updated on 2025-10-23 21:51:34 CEST.
Flavor | Version | Tinstall | Tcheck | Ttotal | Status | Flags |
---|---|---|---|---|---|---|
r-devel-linux-x86_64-debian-clang | 1.6.0 | 17.12 | 133.09 | 150.21 | NOTE | |
r-devel-linux-x86_64-debian-gcc | 1.6.0 | 12.81 | 96.36 | 109.17 | OK | |
r-devel-linux-x86_64-fedora-clang | 1.6.0 | 44.00 | 186.61 | 230.61 | OK | |
r-devel-linux-x86_64-fedora-gcc | 1.6.0 | 37.00 | 186.42 | 223.42 | OK | |
r-devel-windows-x86_64 | 1.6.0 | 19.00 | 130.00 | 149.00 | OK | |
r-patched-linux-x86_64 | 1.6.0 | 16.74 | 123.07 | 139.81 | OK | |
r-release-linux-x86_64 | 1.6.0 | 16.73 | 123.48 | 140.21 | OK | |
r-release-macos-arm64 | 1.6.0 | 7.00 | 48.00 | 55.00 | OK | |
r-release-macos-x86_64 | 1.6.0 | 18.00 | 79.00 | 97.00 | OK | |
r-release-windows-x86_64 | 1.6.0 | 19.00 | 129.00 | 148.00 | OK | |
r-oldrel-macos-arm64 | 1.6.0 | 7.00 | 49.00 | 56.00 | OK | |
r-oldrel-macos-x86_64 | 1.6.0 | 11.00 | 84.00 | 95.00 | OK | |
r-oldrel-windows-x86_64 | 1.6.0 | 26.00 | 165.00 | 191.00 | OK |
Version: 1.6.0
Check: HTML version of manual
Result: NOTE
Found the following HTML validation problems:
coerce_to_adjacency.html:51:1 (coerce_to_adjacency.Rd:13): Warning: missing </ul> before </div>
Flavor: r-devel-linux-x86_64-debian-clang
These binaries (installable software) and packages are in development.
They may not be fully stable and should be used with caution. We make no claims about them.