CRAN Package Check Results for Package neuroblastoma

Last updated on 2025-11-13 01:50:27 CET.

Flavor Version Tinstall Tcheck Ttotal Status Flags
r-devel-linux-x86_64-debian-clang 2023.9.3 1.12 17.16 18.28 OK
r-devel-linux-x86_64-debian-gcc 2023.9.3 1.09 14.28 15.37 OK
r-devel-linux-x86_64-fedora-clang 2023.9.3 24.99 OK
r-devel-linux-x86_64-fedora-gcc 2023.9.3 24.32 OK
r-devel-windows-x86_64 2023.9.3 2.00 30.00 32.00 OK
r-patched-linux-x86_64 2023.9.3 1.33 16.77 18.10 OK
r-release-linux-x86_64 2023.9.3 1.23 16.34 17.57 OK
r-release-macos-arm64 2023.9.3 1.00 14.00 15.00 OK
r-release-macos-x86_64 2023.9.3 1.00 22.00 23.00 OK
r-release-windows-x86_64 2023.9.3 2.00 31.00 33.00 OK
r-oldrel-macos-arm64 2023.9.3 1.00 13.00 14.00 NOTE
r-oldrel-macos-x86_64 2023.9.3 1.00 19.00 20.00 NOTE
r-oldrel-windows-x86_64 2023.9.3 2.00 33.00 35.00 NOTE

Check Details

Version: 2023.9.3
Check: installed package size
Result: NOTE installed size is 7.9Mb sub-directories of 1Mb or more: data 7.8Mb Flavors: r-oldrel-macos-arm64, r-oldrel-macos-x86_64, r-oldrel-windows-x86_64

These binaries (installable software) and packages are in development.
They may not be fully stable and should be used with caution. We make no claims about them.