Last updated on 2025-10-23 11:50:21 CEST.
Flavor | Version | Tinstall | Tcheck | Ttotal | Status | Flags |
---|---|---|---|---|---|---|
r-devel-linux-x86_64-debian-clang | 0.8.1 | 78.90 | 882.78 | 961.68 | OK | |
r-devel-linux-x86_64-debian-gcc | 0.8.1 | 55.86 | 483.37 | 539.23 | OK | |
r-devel-linux-x86_64-fedora-clang | 0.8.1 | 211.00 | 1391.00 | 1602.00 | OK | |
r-devel-linux-x86_64-fedora-gcc | 0.8.1 | 170.00 | 1296.20 | 1466.20 | OK | |
r-devel-windows-x86_64 | 0.8.1 | 93.00 | 718.00 | 811.00 | OK | |
r-patched-linux-x86_64 | 0.8.1 | 83.04 | 833.69 | 916.73 | OK | |
r-release-linux-x86_64 | 0.8.1 | 79.84 | 821.20 | 901.04 | OK | |
r-release-macos-arm64 | 0.8.1 | 32.00 | 221.00 | 253.00 | OK | |
r-release-macos-x86_64 | 0.8.1 | 60.00 | 557.00 | 617.00 | OK | |
r-release-windows-x86_64 | 0.8.1 | 93.00 | 714.00 | 807.00 | OK | |
r-oldrel-macos-arm64 | 0.8.1 | 31.00 | 280.00 | 311.00 | NOTE | |
r-oldrel-macos-x86_64 | 0.8.1 | 62.00 | 725.00 | 787.00 | NOTE | |
r-oldrel-windows-x86_64 | 0.8.1 | 117.00 | 1039.00 | 1156.00 | NOTE |
Version: 0.8.1
Check: installed package size
Result: NOTE
installed size is 8.3Mb
sub-directories of 1Mb or more:
R 2.0Mb
extdata 1.6Mb
libs 3.8Mb
Flavors: r-oldrel-macos-arm64, r-oldrel-macos-x86_64, r-oldrel-windows-x86_64
These binaries (installable software) and packages are in development.
They may not be fully stable and should be used with caution. We make no claims about them.