Last updated on 2025-11-13 01:50:27 CET.
| Flavor | Version | Tinstall | Tcheck | Ttotal | Status | Flags |
|---|---|---|---|---|---|---|
| r-devel-linux-x86_64-debian-clang | 0.8.1 | 83.56 | 883.40 | 966.96 | OK | |
| r-devel-linux-x86_64-debian-gcc | 0.8.1 | 56.15 | 502.91 | 559.06 | OK | |
| r-devel-linux-x86_64-fedora-clang | 0.8.1 | 163.00 | 1374.47 | 1537.47 | OK | |
| r-devel-linux-x86_64-fedora-gcc | 0.8.1 | 159.00 | 1329.02 | 1488.02 | OK | |
| r-devel-windows-x86_64 | 0.8.1 | 94.00 | 724.00 | 818.00 | OK | |
| r-patched-linux-x86_64 | 0.8.1 | 83.83 | 832.35 | 916.18 | OK | |
| r-release-linux-x86_64 | 0.8.1 | 74.86 | 824.40 | 899.26 | OK | |
| r-release-macos-arm64 | 0.8.1 | 32.00 | 221.00 | 253.00 | OK | |
| r-release-macos-x86_64 | 0.8.1 | 60.00 | 557.00 | 617.00 | OK | |
| r-release-windows-x86_64 | 0.8.1 | 94.00 | 709.00 | 803.00 | OK | |
| r-oldrel-macos-arm64 | 0.8.1 | 31.00 | 280.00 | 311.00 | NOTE | |
| r-oldrel-macos-x86_64 | 0.8.1 | 62.00 | 725.00 | 787.00 | NOTE | |
| r-oldrel-windows-x86_64 | 0.8.1 | 118.00 | 1059.00 | 1177.00 | NOTE |
Version: 0.8.1
Check: installed package size
Result: NOTE
installed size is 8.3Mb
sub-directories of 1Mb or more:
R 2.0Mb
extdata 1.6Mb
libs 3.8Mb
Flavors: r-oldrel-macos-arm64, r-oldrel-macos-x86_64, r-oldrel-windows-x86_64
These binaries (installable software) and packages are in development.
They may not be fully stable and should be used with caution. We make no claims about them.