Last updated on 2025-07-26 21:49:58 CEST.
Flavor | Version | Tinstall | Tcheck | Ttotal | Status | Flags |
---|---|---|---|---|---|---|
r-devel-linux-x86_64-debian-clang | 0.8.1 | 80.55 | 852.96 | 933.51 | OK | |
r-devel-linux-x86_64-debian-gcc | 0.8.1 | 55.41 | 483.57 | 538.98 | OK | |
r-devel-linux-x86_64-fedora-clang | 0.8.1 | 1652.29 | OK | |||
r-devel-linux-x86_64-fedora-gcc | 0.8.1 | 1472.64 | OK | |||
r-devel-windows-x86_64 | 0.8.1 | 85.00 | 751.00 | 836.00 | OK | |
r-patched-linux-x86_64 | 0.8.1 | 81.01 | 805.06 | 886.07 | OK | |
r-release-linux-x86_64 | 0.8.1 | 73.86 | 803.50 | 877.36 | OK | |
r-release-macos-arm64 | 0.8.1 | 253.00 | OK | |||
r-release-macos-x86_64 | 0.8.1 | 617.00 | OK | |||
r-release-windows-x86_64 | 0.8.1 | 91.00 | 700.00 | 791.00 | OK | |
r-oldrel-macos-arm64 | 0.8.1 | 311.00 | NOTE | |||
r-oldrel-macos-x86_64 | 0.8.1 | 787.00 | NOTE | |||
r-oldrel-windows-x86_64 | 0.8.1 | 114.00 | 1039.00 | 1153.00 | NOTE |
Version: 0.8.1
Check: installed package size
Result: NOTE
installed size is 8.3Mb
sub-directories of 1Mb or more:
R 2.0Mb
extdata 1.6Mb
libs 3.8Mb
Flavors: r-oldrel-macos-arm64, r-oldrel-macos-x86_64, r-oldrel-windows-x86_64
These binaries (installable software) and packages are in development.
They may not be fully stable and should be used with caution. We make no claims about them.