Last updated on 2025-05-08 04:52:12 CEST.
Flavor | Version | Tinstall | Tcheck | Ttotal | Status | Flags |
---|---|---|---|---|---|---|
r-devel-linux-x86_64-debian-clang | 0.8.1 | 78.78 | 861.71 | 940.49 | OK | |
r-devel-linux-x86_64-debian-gcc | 0.8.1 | 57.23 | 479.80 | 537.03 | OK | |
r-devel-linux-x86_64-fedora-clang | 0.8.1 | 1573.83 | OK | |||
r-devel-linux-x86_64-fedora-gcc | 0.8.1 | 1579.31 | OK | |||
r-devel-windows-x86_64 | 0.8.1 | 90.00 | 712.00 | 802.00 | OK | |
r-patched-linux-x86_64 | 0.8.1 | 84.37 | 808.38 | 892.75 | OK | |
r-release-linux-x86_64 | 0.8.1 | 77.89 | 807.23 | 885.12 | OK | |
r-release-macos-arm64 | 0.8.1 | 253.00 | OK | |||
r-release-macos-x86_64 | 0.8.1 | 617.00 | OK | |||
r-release-windows-x86_64 | 0.8.1 | 87.00 | 717.00 | 804.00 | OK | |
r-oldrel-macos-arm64 | 0.8.1 | 311.00 | NOTE | |||
r-oldrel-macos-x86_64 | 0.8.1 | 787.00 | NOTE | |||
r-oldrel-windows-x86_64 | 0.8.1 | 113.00 | 1037.00 | 1150.00 | NOTE |
Version: 0.8.1
Check: installed package size
Result: NOTE
installed size is 8.3Mb
sub-directories of 1Mb or more:
R 2.0Mb
extdata 1.6Mb
libs 3.8Mb
Flavors: r-oldrel-macos-arm64, r-oldrel-macos-x86_64, r-oldrel-windows-x86_64
These binaries (installable software) and packages are in development.
They may not be fully stable and should be used with caution. We make no claims about them.