Last updated on 2025-10-09 17:50:45 CEST.
Flavor | Version | Tinstall | Tcheck | Ttotal | Status | Flags |
---|---|---|---|---|---|---|
r-devel-linux-x86_64-debian-clang | 0.2.0 | 53.31 | 90.63 | 143.94 | NOTE | |
r-devel-linux-x86_64-debian-gcc | 0.2.0 | 33.46 | 65.17 | 98.63 | NOTE | |
r-devel-linux-x86_64-fedora-clang | 0.2.0 | 269.57 | NOTE | |||
r-devel-linux-x86_64-fedora-gcc | 0.2.0 | 245.51 | NOTE | |||
r-devel-windows-x86_64 | 0.2.0 | 67.00 | 117.00 | 184.00 | NOTE | |
r-patched-linux-x86_64 | 0.2.0 | 52.60 | 84.17 | 136.77 | NOTE | |
r-release-linux-x86_64 | 0.2.0 | 52.91 | 83.66 | 136.57 | NOTE | |
r-release-macos-arm64 | 0.2.0 | 68.00 | NOTE | |||
r-release-macos-x86_64 | 0.2.0 | 97.00 | NOTE | |||
r-release-windows-x86_64 | 0.2.0 | 71.00 | 117.00 | 188.00 | NOTE | |
r-oldrel-macos-arm64 | 0.2.0 | 64.00 | OK | |||
r-oldrel-macos-x86_64 | 0.2.0 | 131.00 | OK | |||
r-oldrel-windows-x86_64 | 0.2.0 | 84.00 | 143.00 | 227.00 | OK |
Version: 0.2.0
Check: DESCRIPTION meta-information
Result: NOTE
Missing dependency on R >= 4.1.0 because package code uses the pipe
|> or function shorthand \(...) syntax added in R 4.1.0.
File(s) using such syntax:
‘visualizations.R’
Flavors: r-devel-linux-x86_64-debian-clang, r-devel-linux-x86_64-debian-gcc, r-devel-linux-x86_64-fedora-clang, r-devel-linux-x86_64-fedora-gcc, r-devel-windows-x86_64, r-patched-linux-x86_64, r-release-linux-x86_64, r-release-macos-arm64, r-release-macos-x86_64, r-release-windows-x86_64
These binaries (installable software) and packages are in development.
They may not be fully stable and should be used with caution. We make no claims about them.