CRAN Package Check Results for Package newTestSurvRec

Last updated on 2025-05-08 04:52:12 CEST.

Flavor Version Tinstall Tcheck Ttotal Status Flags
r-devel-linux-x86_64-debian-clang 1.0.2 3.44 33.11 36.55 NOTE
r-devel-linux-x86_64-debian-gcc 1.0.2 2.33 23.41 25.74 NOTE
r-devel-linux-x86_64-fedora-clang 1.0.2 55.05 OK
r-devel-linux-x86_64-fedora-gcc 1.0.2 56.71 OK
r-devel-windows-x86_64 1.0.2 5.00 53.00 58.00 OK
r-patched-linux-x86_64 1.0.2 3.58 30.11 33.69 OK
r-release-linux-x86_64 1.0.2 3.22 29.96 33.18 OK
r-release-macos-arm64 1.0.2 22.00 OK
r-release-macos-x86_64 1.0.2 32.00 OK
r-release-windows-x86_64 1.0.2 3.00 68.00 71.00 OK
r-oldrel-macos-arm64 1.0.2 19.00 OK
r-oldrel-macos-x86_64 1.0.2 33.00 OK
r-oldrel-windows-x86_64 1.0.2 4.00 53.00 57.00 OK

Check Details

Version: 1.0.2
Check: CRAN incoming feasibility
Result: NOTE Maintainer: ‘Carlos Martinez <cmmm7031@gmail.com>’ No Authors@R field in DESCRIPTION. Please add one, modifying Authors@R: c(person(given = c("Dr", "Carlos", "Miguel", "Martinez"), family = "Manrique", role = "aut"), person(given = "Carlos", family = "Martinez", role = "cre", email = "cmmm7031@gmail.com")) as necessary. Flavors: r-devel-linux-x86_64-debian-clang, r-devel-linux-x86_64-debian-gcc

These binaries (installable software) and packages are in development.
They may not be fully stable and should be used with caution. We make no claims about them.