Last updated on 2025-10-23 11:50:21 CEST.
Flavor | Version | Tinstall | Tcheck | Ttotal | Status | Flags |
---|---|---|---|---|---|---|
r-devel-linux-x86_64-debian-clang | 2.0.1 | 8.46 | 75.20 | 83.66 | OK | |
r-devel-linux-x86_64-debian-gcc | 2.0.1 | 5.58 | 52.42 | 58.00 | NOTE | |
r-devel-linux-x86_64-fedora-clang | 2.0.1 | 56.00 | 73.96 | 129.96 | NOTE | |
r-devel-linux-x86_64-fedora-gcc | 2.0.1 | 47.00 | 72.52 | 119.52 | NOTE | |
r-devel-windows-x86_64 | 2.0.1 | 10.00 | 89.00 | 99.00 | OK | |
r-patched-linux-x86_64 | 2.0.1 | 8.79 | 67.83 | 76.62 | OK | |
r-release-linux-x86_64 | 2.0.1 | 8.69 | 67.56 | 76.25 | OK | |
r-release-macos-arm64 | 2.0.1 | 4.00 | 44.00 | 48.00 | OK | |
r-release-macos-x86_64 | 2.0.1 | 8.00 | 60.00 | 68.00 | OK | |
r-release-windows-x86_64 | 2.0.1 | 14.00 | 89.00 | 103.00 | OK | |
r-oldrel-macos-arm64 | 2.0.1 | 4.00 | 40.00 | 44.00 | OK | |
r-oldrel-macos-x86_64 | 2.0.1 | 8.00 | 65.00 | 73.00 | OK | |
r-oldrel-windows-x86_64 | 2.0.1 | 14.00 | 103.00 | 117.00 | OK |
Version: 2.0.1
Check: Rd files
Result: NOTE
checkRd: (-1) nfl_standings_prettify.Rd:37: height/width attributes should be in pixels
checkRd: (-1) nfl_standings_prettify.Rd:38: height/width attributes should be in pixels
checkRd: (-1) summary.nflseedR_simulation.Rd:20: height/width attributes should be in pixels
Flavors: r-devel-linux-x86_64-debian-gcc, r-devel-linux-x86_64-fedora-clang, r-devel-linux-x86_64-fedora-gcc
These binaries (installable software) and packages are in development.
They may not be fully stable and should be used with caution. We make no claims about them.