Last updated on 2025-05-01 08:52:39 CEST.
Flavor | Version | Tinstall | Tcheck | Ttotal | Status | Flags |
---|---|---|---|---|---|---|
r-devel-linux-x86_64-debian-clang | 1.2-2 | 28.41 | 43.53 | 71.94 | NOTE | |
r-devel-linux-x86_64-debian-gcc | 1.2-2 | 19.81 | 32.27 | 52.08 | NOTE | |
r-devel-linux-x86_64-fedora-clang | 1.2-2 | 120.84 | OK | |||
r-devel-linux-x86_64-fedora-gcc | 1.2-2 | 115.84 | OK | |||
r-devel-windows-x86_64 | 1.2-2 | 32.00 | 84.00 | 116.00 | OK | |
r-patched-linux-x86_64 | 1.2-2 | 27.98 | 41.61 | 69.59 | OK | |
r-release-linux-x86_64 | OK | |||||
r-release-macos-arm64 | 1.2-2 | 37.00 | OK | |||
r-release-macos-x86_64 | 1.2-2 | 65.00 | OK | |||
r-release-windows-x86_64 | 1.2-2 | 32.00 | 89.00 | 121.00 | OK | |
r-oldrel-macos-arm64 | 1.2-2 | 60.00 | OK | |||
r-oldrel-macos-x86_64 | 1.2-2 | 56.00 | OK | |||
r-oldrel-windows-x86_64 | 1.2-2 | 37.00 | 95.00 | 132.00 | OK |
Version: 1.2-2
Check: CRAN incoming feasibility
Result: NOTE
Maintainer: ‘John Hughes <drjphughesjr@gmail.com>’
No Authors@R field in DESCRIPTION.
Please add one, modifying
Authors@R: c(person(given = "John",
family = "Hughes",
role = c("aut", "cre"),
email = "drjphughesjr@gmail.com"),
person(given = "Xiaohui",
family = "Cui",
role = "aut"))
as necessary.
Package CITATION file contains call(s) to old-style personList() or
as.personList(). Please use c() on person objects instead.
Package CITATION file contains call(s) to old-style citEntry(). Please
use bibentry() instead.
The Description field contains
Bayesian spatial filtering model of Hughes (2017) <arXiv:1706.04651>.
Please refer to arXiv e-prints via their arXiv DOI <doi:10.48550/arXiv.YYMM.NNNNN>.
Flavors: r-devel-linux-x86_64-debian-clang, r-devel-linux-x86_64-debian-gcc
These binaries (installable software) and packages are in development.
They may not be fully stable and should be used with caution. We make no claims about them.