CRAN Package Check Results for Package nhdplusTools

Last updated on 2025-05-08 04:52:12 CEST.

Flavor Version Tinstall Tcheck Ttotal Status Flags
r-devel-linux-x86_64-debian-clang 1.3.1 14.37 202.08 216.45 OK
r-devel-linux-x86_64-debian-gcc 1.3.1 10.26 146.83 157.09 OK
r-devel-linux-x86_64-fedora-clang 1.3.1 345.95 OK
r-devel-linux-x86_64-fedora-gcc 1.3.1 351.40 OK
r-devel-windows-x86_64 1.3.1 16.00 185.00 201.00 OK
r-patched-linux-x86_64 1.3.1 14.07 186.27 200.34 OK
r-release-linux-x86_64 1.3.1 13.50 185.94 199.44 OK
r-release-macos-arm64 1.3.1 92.00 OK
r-release-macos-x86_64 1.3.1 209.00 OK
r-release-windows-x86_64 1.3.1 16.00 194.00 210.00 OK
r-oldrel-macos-arm64 1.3.1 107.00 NOTE
r-oldrel-macos-x86_64 1.3.1 191.00 NOTE
r-oldrel-windows-x86_64 1.3.1 23.00 233.00 256.00 NOTE

Check Details

Version: 1.3.1
Check: installed package size
Result: NOTE installed size is 7.4Mb sub-directories of 1Mb or more: data 1.6Mb doc 5.1Mb Flavors: r-oldrel-macos-arm64, r-oldrel-macos-x86_64, r-oldrel-windows-x86_64

These binaries (installable software) and packages are in development.
They may not be fully stable and should be used with caution. We make no claims about them.