Last updated on 2025-02-16 08:50:55 CET.
Flavor | Version | Tinstall | Tcheck | Ttotal | Status | Flags |
---|---|---|---|---|---|---|
r-devel-linux-x86_64-debian-clang | 1.3.0 | 13.45 | 200.86 | 214.31 | NOTE | |
r-devel-linux-x86_64-debian-gcc | 1.3.1 | 10.38 | 135.78 | 146.16 | OK | |
r-devel-linux-x86_64-fedora-clang | 1.3.1 | 357.58 | OK | |||
r-devel-linux-x86_64-fedora-gcc | 1.3.0 | 335.14 | NOTE | |||
r-devel-macos-arm64 | 1.3.0 | 97.00 | OK | |||
r-devel-macos-x86_64 | 1.3.1 | 209.00 | OK | |||
r-devel-windows-x86_64 | 1.3.1 | 18.00 | 239.00 | 257.00 | OK | |
r-patched-linux-x86_64 | 1.3.0 | 14.51 | 181.77 | 196.28 | OK | |
r-release-linux-x86_64 | 1.3.1 | 13.83 | 184.73 | 198.56 | OK | |
r-release-macos-arm64 | 1.3.0 | 98.00 | NOTE | |||
r-release-macos-x86_64 | 1.3.1 | 191.00 | NOTE | |||
r-release-windows-x86_64 | 1.3.1 | 19.00 | 200.00 | 219.00 | NOTE | |
r-oldrel-macos-arm64 | 1.3.0 | 102.00 | NOTE | |||
r-oldrel-macos-x86_64 | 1.3.1 | 184.00 | NOTE | |||
r-oldrel-windows-x86_64 | 1.3.0 | 20.00 | 242.00 | 262.00 | NOTE |
Version: 1.3.0
Check: DESCRIPTION meta-information
Result: NOTE
Missing dependency on R >= 4.1.0 because package code uses the pipe
|> or function shorthand \(...) syntax added in R 4.1.0.
File(s) using such syntax:
‘A_nhdplusTools.R’ ‘arcrest_tools.R’ ‘get_geoconnex.R’
‘get_nhdplushr.R’ ‘index_nhdplus.R’ ‘rescale_catchments.R’
Flavors: r-devel-linux-x86_64-debian-clang, r-devel-linux-x86_64-fedora-gcc
Version: 1.3.0
Check: installed package size
Result: NOTE
installed size is 6.5Mb
sub-directories of 1Mb or more:
data 1.6Mb
doc 4.2Mb
Flavors: r-release-macos-arm64, r-oldrel-macos-arm64, r-oldrel-windows-x86_64
Version: 1.3.1
Check: installed package size
Result: NOTE
installed size is 7.4Mb
sub-directories of 1Mb or more:
data 1.6Mb
doc 5.1Mb
Flavors: r-release-macos-x86_64, r-release-windows-x86_64, r-oldrel-macos-x86_64
These binaries (installable software) and packages are in development.
They may not be fully stable and should be used with caution. We make no claims about them.