Last updated on 2025-05-24 03:50:38 CEST.
Flavor | Version | Tinstall | Tcheck | Ttotal | Status | Flags |
---|---|---|---|---|---|---|
r-devel-linux-x86_64-debian-clang | 0.1.4 | 3.42 | 44.84 | 48.26 | OK | |
r-devel-linux-x86_64-debian-gcc | 0.1.4 | 2.79 | 35.64 | 38.43 | OK | |
r-devel-linux-x86_64-fedora-clang | 0.1.4 | 74.34 | OK | |||
r-devel-linux-x86_64-fedora-gcc | 0.1.4 | 104.56 | OK | |||
r-devel-windows-x86_64 | 0.1.4 | 5.00 | 103.00 | 108.00 | OK | |
r-patched-linux-x86_64 | 0.1.4 | 4.49 | 41.37 | 45.86 | OK | |
r-release-linux-x86_64 | 0.1.4 | 3.62 | 41.55 | 45.17 | OK | |
r-release-macos-arm64 | 0.1.4 | 67.00 | OK | |||
r-release-macos-x86_64 | 0.1.4 | 142.00 | OK | |||
r-release-windows-x86_64 | 0.1.4 | 6.00 | 211.00 | 217.00 | OK | |
r-oldrel-macos-arm64 | 0.1.4 | 57.00 | NOTE | |||
r-oldrel-macos-x86_64 | 0.1.4 | 98.00 | NOTE | |||
r-oldrel-windows-x86_64 | 0.1.4 | 7.00 | 108.00 | 115.00 | NOTE |
Version: 0.1.4
Check: LazyData
Result: NOTE
'LazyData' is specified without a 'data' directory
Flavors: r-oldrel-macos-arm64, r-oldrel-macos-x86_64, r-oldrel-windows-x86_64
These binaries (installable software) and packages are in development.
They may not be fully stable and should be used with caution. We make no claims about them.