Last updated on 2025-02-19 17:50:58 CET.
Flavor | Version | Tinstall | Tcheck | Ttotal | Status | Flags |
---|---|---|---|---|---|---|
r-devel-linux-x86_64-debian-clang | 0.1.1 | 6.23 | 49.83 | 56.06 | NOTE | |
r-devel-linux-x86_64-debian-gcc | 0.1.1 | 3.60 | 35.54 | 39.14 | NOTE | |
r-devel-linux-x86_64-fedora-clang | 0.1.1 | 92.18 | OK | |||
r-devel-linux-x86_64-fedora-gcc | 0.1.1 | 99.41 | OK | |||
r-devel-macos-arm64 | 0.1.1 | 36.00 | OK | |||
r-devel-macos-x86_64 | 0.1.1 | 70.00 | OK | |||
r-devel-windows-x86_64 | 0.1.1 | 9.00 | 87.00 | 96.00 | NOTE | |
r-patched-linux-x86_64 | 0.1.1 | 7.56 | 47.43 | 54.99 | OK | |
r-release-linux-x86_64 | 0.1.1 | 6.02 | 46.46 | 52.48 | OK | |
r-release-macos-arm64 | 0.1.1 | 33.00 | OK | |||
r-release-macos-x86_64 | 0.1.1 | 52.00 | OK | |||
r-release-windows-x86_64 | 0.1.1 | 10.00 | 81.00 | 91.00 | OK | |
r-oldrel-macos-arm64 | 0.1.1 | 36.00 | OK | |||
r-oldrel-macos-x86_64 | 0.1.1 | 82.00 | OK | |||
r-oldrel-windows-x86_64 | 0.1.1 | 12.00 | 85.00 | 97.00 | OK |
Version: 0.1.1
Check: Rd cross-references
Result: NOTE
Found the following Rd file(s) with Rd \link{} targets missing package
anchors:
nhm.control.Rd: maxLik
Please provide package anchors for all Rd \link{} targets not in the
package itself and the base packages.
Flavors: r-devel-linux-x86_64-debian-clang, r-devel-linux-x86_64-debian-gcc, r-devel-windows-x86_64
These binaries (installable software) and packages are in development.
They may not be fully stable and should be used with caution. We make no claims about them.