CRAN Package Check Results for Package niaidMI

Last updated on 2025-10-26 23:50:23 CET.

Flavor Version Tinstall Tcheck Ttotal Status Flags
r-devel-linux-x86_64-debian-clang 1.1.0 10.31 192.94 203.25 NOTE
r-devel-linux-x86_64-debian-gcc 1.1.0 6.84 113.28 120.12 NOTE
r-devel-linux-x86_64-fedora-clang 1.1.0 31.00 315.85 346.85 NOTE
r-devel-linux-x86_64-fedora-gcc 1.1.0 17.00 325.27 342.27 NOTE
r-devel-windows-x86_64 1.1.0 14.00 188.00 202.00 NOTE
r-patched-linux-x86_64 1.1.0 9.71 179.89 189.60 NOTE
r-release-linux-x86_64 1.1.0 10.76 179.92 190.68 NOTE
r-release-macos-arm64 1.1.0 6.00 78.00 84.00 NOTE
r-release-macos-x86_64 1.1.0 11.00 181.00 192.00 NOTE
r-release-windows-x86_64 1.1.0 13.00 187.00 200.00 NOTE
r-oldrel-macos-arm64 1.1.0 6.00 64.00 70.00 NOTE
r-oldrel-macos-x86_64 1.1.0 10.00 120.00 130.00 NOTE
r-oldrel-windows-x86_64 1.1.0 15.00 250.00 265.00 NOTE

Check Details

Version: 1.1.0
Check: Rd files
Result: NOTE checkRd: (-1) bootstrap_param_est.Rd:52: Lost braces in \itemize; meant \describe ? checkRd: (-1) bootstrap_param_est.Rd:53: Lost braces in \itemize; meant \describe ? checkRd: (-1) bootstrap_param_est.Rd:54: Lost braces in \itemize; meant \describe ? checkRd: (-1) get_emission.Rd:25: Lost braces in \itemize; meant \describe ? checkRd: (-1) get_emission.Rd:26: Lost braces in \itemize; meant \describe ? checkRd: (-1) get_emission.Rd:27: Lost braces in \itemize; meant \describe ? checkRd: (-1) impute.Rd:51: Lost braces in \itemize; meant \describe ? checkRd: (-1) impute.Rd:52: Lost braces in \itemize; meant \describe ? checkRd: (-1) impute.Rd:53: Lost braces in \itemize; meant \describe ? checkRd: (-1) impute_ref.Rd:54: Lost braces in \itemize; meant \describe ? checkRd: (-1) impute_ref.Rd:55: Lost braces in \itemize; meant \describe ? checkRd: (-1) impute_ref.Rd:56: Lost braces in \itemize; meant \describe ? checkRd: (-1) sim_data.Rd:42: Lost braces in \itemize; \value handles \item{}{} directly checkRd: (-1) sim_data.Rd:43: Lost braces in \itemize; \value handles \item{}{} directly checkRd: (-1) sim_data.Rd:44: Lost braces in \itemize; \value handles \item{}{} directly Flavors: r-devel-linux-x86_64-debian-clang, r-devel-linux-x86_64-debian-gcc, r-devel-linux-x86_64-fedora-clang, r-devel-linux-x86_64-fedora-gcc, r-devel-windows-x86_64, r-patched-linux-x86_64, r-release-linux-x86_64, r-release-macos-arm64, r-release-macos-x86_64, r-release-windows-x86_64, r-oldrel-macos-arm64, r-oldrel-macos-x86_64, r-oldrel-windows-x86_64

These binaries (installable software) and packages are in development.
They may not be fully stable and should be used with caution. We make no claims about them.