Last updated on 2025-02-16 08:50:55 CET.
Flavor | Version | Tinstall | Tcheck | Ttotal | Status | Flags |
---|---|---|---|---|---|---|
r-devel-linux-x86_64-debian-clang | 1.1.0 | 9.73 | 188.92 | 198.65 | NOTE | |
r-devel-linux-x86_64-debian-gcc | 1.1.0 | 7.36 | 111.46 | 118.82 | NOTE | |
r-devel-linux-x86_64-fedora-clang | 1.1.0 | 358.05 | NOTE | |||
r-devel-linux-x86_64-fedora-gcc | 1.1.0 | 335.00 | NOTE | |||
r-devel-macos-arm64 | 1.1.0 | 79.00 | NOTE | |||
r-devel-macos-x86_64 | 1.1.0 | 195.00 | NOTE | |||
r-devel-windows-x86_64 | 1.1.0 | 12.00 | 187.00 | 199.00 | NOTE | |
r-patched-linux-x86_64 | 1.1.0 | 9.93 | 177.30 | 187.23 | NOTE | |
r-release-linux-x86_64 | 1.1.0 | 9.71 | 176.85 | 186.56 | NOTE | |
r-release-macos-arm64 | 1.1.0 | 70.00 | NOTE | |||
r-release-macos-x86_64 | 1.1.0 | 130.00 | NOTE | |||
r-release-windows-x86_64 | 1.1.0 | 12.00 | 195.00 | 207.00 | NOTE | |
r-oldrel-macos-arm64 | 1.1.0 | 80.00 | OK | |||
r-oldrel-macos-x86_64 | 1.1.0 | 145.00 | OK | |||
r-oldrel-windows-x86_64 | 1.1.0 | 12.00 | 274.00 | 286.00 | OK |
Version: 1.1.0
Check: Rd files
Result: NOTE
checkRd: (-1) bootstrap_param_est.Rd:52: Lost braces in \itemize; meant \describe ?
checkRd: (-1) bootstrap_param_est.Rd:53: Lost braces in \itemize; meant \describe ?
checkRd: (-1) bootstrap_param_est.Rd:54: Lost braces in \itemize; meant \describe ?
checkRd: (-1) get_emission.Rd:25: Lost braces in \itemize; meant \describe ?
checkRd: (-1) get_emission.Rd:26: Lost braces in \itemize; meant \describe ?
checkRd: (-1) get_emission.Rd:27: Lost braces in \itemize; meant \describe ?
checkRd: (-1) impute.Rd:51: Lost braces in \itemize; meant \describe ?
checkRd: (-1) impute.Rd:52: Lost braces in \itemize; meant \describe ?
checkRd: (-1) impute.Rd:53: Lost braces in \itemize; meant \describe ?
checkRd: (-1) impute_ref.Rd:54: Lost braces in \itemize; meant \describe ?
checkRd: (-1) impute_ref.Rd:55: Lost braces in \itemize; meant \describe ?
checkRd: (-1) impute_ref.Rd:56: Lost braces in \itemize; meant \describe ?
checkRd: (-1) sim_data.Rd:42: Lost braces in \itemize; \value handles \item{}{} directly
checkRd: (-1) sim_data.Rd:43: Lost braces in \itemize; \value handles \item{}{} directly
checkRd: (-1) sim_data.Rd:44: Lost braces in \itemize; \value handles \item{}{} directly
Flavors: r-devel-linux-x86_64-debian-clang, r-devel-linux-x86_64-debian-gcc, r-devel-linux-x86_64-fedora-clang, r-devel-linux-x86_64-fedora-gcc, r-devel-macos-arm64, r-devel-macos-x86_64, r-devel-windows-x86_64, r-patched-linux-x86_64, r-release-linux-x86_64, r-release-macos-arm64, r-release-macos-x86_64, r-release-windows-x86_64
These binaries (installable software) and packages are in development.
They may not be fully stable and should be used with caution. We make no claims about them.