Last updated on 2024-07-27 15:50:27 CEST.
Flavor | Version | Tinstall | Tcheck | Ttotal | Status | Flags |
---|---|---|---|---|---|---|
r-devel-linux-x86_64-debian-clang | 0.6.2 | 5.94 | 58.61 | 64.55 | NOTE | |
r-devel-linux-x86_64-debian-gcc | 0.6.2 | NOTE | ||||
r-devel-linux-x86_64-fedora-clang | 0.6.2 | 83.29 | NOTE | |||
r-devel-linux-x86_64-fedora-gcc | 0.6.2 | 76.50 | NOTE | |||
r-devel-windows-x86_64 | 0.6.2 | 7.00 | 67.00 | 74.00 | NOTE | |
r-patched-linux-x86_64 | 0.6.2 | NOTE | ||||
r-release-linux-x86_64 | 0.6.2 | 5.08 | 57.44 | 62.52 | NOTE | |
r-release-macos-arm64 | 0.6.2 | 25.00 | NOTE | |||
r-release-macos-x86_64 | 0.6.2 | 45.00 | NOTE | |||
r-release-windows-x86_64 | 0.6.2 | 8.00 | 68.00 | 76.00 | NOTE | |
r-oldrel-macos-arm64 | 0.6.2 | 28.00 | NOTE | |||
r-oldrel-macos-x86_64 | 0.6.2 | 40.00 | NOTE | |||
r-oldrel-windows-x86_64 | 0.6.2 | 8.00 | 76.00 | 84.00 | NOTE |
Version: 0.6.2
Check: LazyData
Result: NOTE
'LazyData' is specified without a 'data' directory
Flavors: r-devel-linux-x86_64-debian-clang, r-devel-linux-x86_64-debian-gcc, r-devel-linux-x86_64-fedora-clang, r-devel-linux-x86_64-fedora-gcc, r-devel-windows-x86_64, r-patched-linux-x86_64, r-release-linux-x86_64, r-release-macos-arm64, r-release-macos-x86_64, r-release-windows-x86_64, r-oldrel-macos-arm64, r-oldrel-macos-x86_64, r-oldrel-windows-x86_64
These binaries (installable software) and packages are in development.
They may not be fully stable and should be used with caution. We make no claims about them.