Last updated on 2025-07-02 01:51:44 CEST.
Flavor | Version | Tinstall | Tcheck | Ttotal | Status | Flags |
---|---|---|---|---|---|---|
r-devel-linux-x86_64-debian-clang | 1.3.0 | 451.32 | 269.74 | 721.06 | OK | |
r-devel-linux-x86_64-debian-gcc | 1.3.0 | 282.90 | 187.99 | 470.89 | OK | |
r-devel-linux-x86_64-fedora-clang | 1.3.0 | 1283.74 | OK | |||
r-devel-linux-x86_64-fedora-gcc | 1.3.0 | 1171.12 | OK | |||
r-devel-windows-x86_64 | 1.3.0 | 518.00 | 287.00 | 805.00 | OK | |
r-patched-linux-x86_64 | OK | |||||
r-release-linux-x86_64 | 1.3.0 | 421.44 | 272.41 | 693.85 | OK | |
r-release-macos-arm64 | 1.3.0 | 256.00 | OK | |||
r-release-macos-x86_64 | 1.3.0 | 608.00 | OK | |||
r-release-windows-x86_64 | 1.3.0 | 511.00 | 281.00 | 792.00 | OK | |
r-oldrel-macos-arm64 | 1.3.0 | 237.00 | NOTE | |||
r-oldrel-macos-x86_64 | 1.3.0 | 593.00 | NOTE | |||
r-oldrel-windows-x86_64 | 1.3.0 | 644.00 | 344.00 | 988.00 | NOTE |
Version: 1.3.0
Check: installed package size
Result: NOTE
installed size is 44.3Mb
sub-directories of 1Mb or more:
CppCode 3.5Mb
R 9.1Mb
classic-bugs 1.5Mb
include 11.5Mb
libs 17.9Mb
Flavors: r-oldrel-macos-arm64, r-oldrel-macos-x86_64, r-oldrel-windows-x86_64
These binaries (installable software) and packages are in development.
They may not be fully stable and should be used with caution. We make no claims about them.