CRAN Package Check Results for Package nimble

Last updated on 2025-05-08 04:52:12 CEST.

Flavor Version Tinstall Tcheck Ttotal Status Flags
r-devel-linux-x86_64-debian-clang 1.3.0 427.65 267.03 694.68 OK
r-devel-linux-x86_64-debian-gcc 1.3.0 286.73 190.16 476.89 OK
r-devel-linux-x86_64-fedora-clang 1.3.0 1315.19 OK
r-devel-linux-x86_64-fedora-gcc 1.3.0 1295.54 OK
r-devel-windows-x86_64 1.3.0 518.00 280.00 798.00 OK
r-patched-linux-x86_64 1.3.0 415.07 269.08 684.15 OK
r-release-linux-x86_64 1.3.0 411.75 269.40 681.15 OK
r-release-macos-arm64 1.3.0 256.00 OK
r-release-macos-x86_64 1.3.0 608.00 OK
r-release-windows-x86_64 1.3.0 522.00 280.00 802.00 OK
r-oldrel-macos-arm64 1.3.0 237.00 NOTE
r-oldrel-macos-x86_64 1.3.0 593.00 NOTE
r-oldrel-windows-x86_64 1.3.0 633.00 358.00 991.00 NOTE

Additional issues

rchk

Check Details

Version: 1.3.0
Check: installed package size
Result: NOTE installed size is 44.3Mb sub-directories of 1Mb or more: CppCode 3.5Mb R 9.1Mb classic-bugs 1.5Mb include 11.5Mb libs 17.9Mb Flavors: r-oldrel-macos-arm64, r-oldrel-macos-x86_64, r-oldrel-windows-x86_64

These binaries (installable software) and packages are in development.
They may not be fully stable and should be used with caution. We make no claims about them.