Last updated on 2024-07-27 15:50:27 CEST.
Flavor | Version | Tinstall | Tcheck | Ttotal | Status | Flags |
---|---|---|---|---|---|---|
r-devel-linux-x86_64-debian-clang | 1.2.0 | 558.25 | 351.83 | 910.08 | OK | |
r-devel-linux-x86_64-debian-gcc | 1.2.0 | OK | ||||
r-devel-linux-x86_64-fedora-clang | 1.2.0 | 1265.72 | NOTE | |||
r-devel-linux-x86_64-fedora-gcc | 1.2.0 | 1228.96 | WARN | |||
r-devel-windows-x86_64 | 1.2.0 | 483.00 | 262.00 | 745.00 | NOTE | |
r-patched-linux-x86_64 | 1.2.0 | OK | ||||
r-release-linux-x86_64 | 1.2.0 | 497.16 | 335.39 | 832.55 | OK | |
r-release-macos-arm64 | 1.2.0 | 250.00 | NOTE | |||
r-release-macos-x86_64 | 1.2.0 | 770.00 | NOTE | |||
r-release-windows-x86_64 | 1.2.0 | 477.00 | 262.00 | 739.00 | NOTE | |
r-oldrel-macos-arm64 | 1.2.0 | 262.00 | NOTE | |||
r-oldrel-macos-x86_64 | 1.2.0 | 583.00 | NOTE | |||
r-oldrel-windows-x86_64 | 1.2.0 | 591.00 | 334.00 | 925.00 | NOTE |
Version: 1.2.0
Check: installed package size
Result: NOTE
installed size is 25.9Mb
sub-directories of 1Mb or more:
CppCode 2.8Mb
R 8.3Mb
classic-bugs 1.6Mb
include 11.9Mb
Flavors: r-devel-linux-x86_64-fedora-clang, r-devel-windows-x86_64, r-release-macos-arm64, r-release-macos-x86_64, r-release-windows-x86_64, r-oldrel-macos-arm64, r-oldrel-macos-x86_64, r-oldrel-windows-x86_64
Version: 1.2.0
Check: whether package can be installed
Result: WARN
Found the following significant warnings:
../include/nimble/NimArr.h:122:3: warning: template-id not allowed for destructor in C++20 [-Wtemplate-id-cdtor]
../include/nimble/NimArr.h:220:15: warning: template-id not allowed for constructor in C++20 [-Wtemplate-id-cdtor]
../include/nimble/NimArr.h:246:15: warning: template-id not allowed for constructor in C++20 [-Wtemplate-id-cdtor]
../include/nimble/NimArr.h:283:16: warning: template-id not allowed for constructor in C++20 [-Wtemplate-id-cdtor]
../include/nimble/NimArr.h:289:15: warning: template-id not allowed for constructor in C++20 [-Wtemplate-id-cdtor]
../include/nimble/NimArr.h:355:3: warning: template-id not allowed for destructor in C++20 [-Wtemplate-id-cdtor]
../include/nimble/NimArr.h:430:15: warning: template-id not allowed for constructor in C++20 [-Wtemplate-id-cdtor]
../include/nimble/NimArr.h:462:15: warning: template-id not allowed for constructor in C++20 [-Wtemplate-id-cdtor]
../include/nimble/NimArr.h:506:16: warning: template-id not allowed for constructor in C++20 [-Wtemplate-id-cdtor]
../include/nimble/NimArr.h:516:15: warning: template-id not allowed for constructor in C++20 [-Wtemplate-id-cdtor]
../include/nimble/NimArr.h:586:3: warning: template-id not allowed for destructor in C++20 [-Wtemplate-id-cdtor]
../include/nimble/NimArr.h:675:15: warning: template-id not allowed for constructor in C++20 [-Wtemplate-id-cdtor]
../include/nimble/NimArr.h:712:15: warning: template-id not allowed for constructor in C++20 [-Wtemplate-id-cdtor]
../include/nimble/NimArr.h:761:16: warning: template-id not allowed for constructor in C++20 [-Wtemplate-id-cdtor]
../include/nimble/NimArr.h:775:15: warning: template-id not allowed for constructor in C++20 [-Wtemplate-id-cdtor]
../include/nimble/NimArr.h:854:3: warning: template-id not allowed for destructor in C++20 [-Wtemplate-id-cdtor]
../include/nimble/NimArr.h:958:15: warning: template-id not allowed for constructor in C++20 [-Wtemplate-id-cdtor]
../include/nimble/NimArr.h:1002:15: warning: template-id not allowed for constructor in C++20 [-Wtemplate-id-cdtor]
../include/nimble/NimArr.h:1056:16: warning: template-id not allowed for constructor in C++20 [-Wtemplate-id-cdtor]
../include/nimble/NimArr.h:1072:15: warning: template-id not allowed for constructor in C++20 [-Wtemplate-id-cdtor]
../include/nimble/NimArr.h:1160:3: warning: template-id not allowed for destructor in C++20 [-Wtemplate-id-cdtor]
../include/nimble/NimArr.h:1279:15: warning: template-id not allowed for constructor in C++20 [-Wtemplate-id-cdtor]
../include/nimble/NimArr.h:1329:15: warning: template-id not allowed for constructor in C++20 [-Wtemplate-id-cdtor]
../include/nimble/NimArr.h:1387:16: warning: template-id not allowed for constructor in C++20 [-Wtemplate-id-cdtor]
../include/nimble/NimArr.h:1405:15: warning: template-id not allowed for constructor in C++20 [-Wtemplate-id-cdtor]
../include/nimble/NimArr.h:1501:3: warning: template-id not allowed for destructor in C++20 [-Wtemplate-id-cdtor]
../include/nimble/NimArr.h:1635:15: warning: template-id not allowed for constructor in C++20 [-Wtemplate-id-cdtor]
../include/nimble/NimArr.h:1691:15: warning: template-id not allowed for constructor in C++20 [-Wtemplate-id-cdtor]
../include/nimble/NimArr.h:1754:16: warning: template-id not allowed for constructor in C++20 [-Wtemplate-id-cdtor]
../include/nimble/NimArr.h:1775:15: warning: template-id not allowed for constructor in C++20 [-Wtemplate-id-cdtor]
../include/nimble/NimArr.h:1856:3: warning: template-id not allowed for destructor in C++20 [-Wtemplate-id-cdtor]
../inst/include/nimble/NimArr.h:122:3: warning: template-id not allowed for destructor in C++20 [-Wtemplate-id-cdtor]
../inst/include/nimble/NimArr.h:220:15: warning: template-id not allowed for constructor in C++20 [-Wtemplate-id-cdtor]
../inst/include/nimble/NimArr.h:246:15: warning: template-id not allowed for constructor in C++20 [-Wtemplate-id-cdtor]
../inst/include/nimble/NimArr.h:283:16: warning: template-id not allowed for constructor in C++20 [-Wtemplate-id-cdtor]
../inst/include/nimble/NimArr.h:289:15: warning: template-id not allowed for constructor in C++20 [-Wtemplate-id-cdtor]
../inst/include/nimble/NimArr.h:355:3: warning: template-id not allowed for destructor in C++20 [-Wtemplate-id-cdtor]
../inst/include/nimble/NimArr.h:430:15: warning: template-id not allowed for constructor in C++20 [-Wtemplate-id-cdtor]
../inst/include/nimble/NimArr.h:462:15: warning: template-id not allowed for constructor in C++20 [-Wtemplate-id-cdtor]
../inst/include/nimble/NimArr.h:506:16: warning: template-id not allowed for constructor in C++20 [-Wtemplate-id-cdtor]
../inst/include/nimble/NimArr.h:516:15: warning: template-id not allowed for constructor in C++20 [-Wtemplate-id-cdtor]
../inst/include/nimble/NimArr.h:586:3: warning: template-id not allowed for destructor in C++20 [-Wtemplate-id-cdtor]
../inst/include/nimble/NimArr.h:675:15: warning: template-id not allowed for constructor in C++20 [-Wtemplate-id-cdtor]
../inst/include/nimble/NimArr.h:712:15: warning: template-id not allowed for constructor in C++20 [-Wtemplate-id-cdtor]
../inst/include/nimble/NimArr.h:761:16: warning: template-id not allowed for constructor in C++20 [-Wtemplate-id-cdtor]
../inst/include/nimble/NimArr.h:775:15: warning: template-id not allowed for constructor in C++20 [-Wtemplate-id-cdtor]
../inst/include/nimble/NimArr.h:854:3: warning: template-id not allowed for destructor in C++20 [-Wtemplate-id-cdtor]
../inst/include/nimble/NimArr.h:958:15: warning: template-id not allowed for constructor in C++20 [-Wtemplate-id-cdtor]
../inst/include/nimble/NimArr.h:1002:15: warning: template-id not allowed for constructor in C++20 [-Wtemplate-id-cdtor]
../inst/include/nimble/NimArr.h:1056:16: warning: template-id not allowed for constructor in C++20 [-Wtemplate-id-cdtor]
../inst/include/nimble/NimArr.h:1072:15: warning: template-id not allowed for constructor in C++20 [-Wtemplate-id-cdtor]
../inst/include/nimble/NimArr.h:1160:3: warning: template-id not allowed for destructor in C++20 [-Wtemplate-id-cdtor]
../inst/include/nimble/NimArr.h:1279:15: warning: template-id not allowed for constructor in C++20 [-Wtemplate-id-cdtor]
../inst/include/nimble/NimArr.h:1329:15: warning: template-id not allowed for constructor in C++20 [-Wtemplate-id-cdtor]
../inst/include/nimble/NimArr.h:1387:16: warning: template-id not allowed for constructor in C++20 [-Wtemplate-id-cdtor]
../inst/include/nimble/NimArr.h:1405:15: warning: template-id not allowed for constructor in C++20 [-Wtemplate-id-cdtor]
../inst/include/nimble/NimArr.h:1501:3: warning: template-id not allowed for destructor in C++20 [-Wtemplate-id-cdtor]
../inst/include/nimble/NimArr.h:1635:15: warning: template-id not allowed for constructor in C++20 [-Wtemplate-id-cdtor]
../inst/include/nimble/NimArr.h:1691:15: warning: template-id not allowed for constructor in C++20 [-Wtemplate-id-cdtor]
../inst/include/nimble/NimArr.h:1754:16: warning: template-id not allowed for constructor in C++20 [-Wtemplate-id-cdtor]
../inst/include/nimble/NimArr.h:1775:15: warning: template-id not allowed for constructor in C++20 [-Wtemplate-id-cdtor]
../inst/include/nimble/NimArr.h:1856:3: warning: template-id not allowed for destructor in C++20 [-Wtemplate-id-cdtor]
See ‘/data/gannet/ripley/R/packages/tests-devel/nimble.Rcheck/00install.out’ for details.
* used C++ compiler: ‘g++-14 (GCC) 14.1.0’
Flavor: r-devel-linux-x86_64-fedora-gcc
These binaries (installable software) and packages are in development.
They may not be fully stable and should be used with caution. We make no claims about them.