Last updated on 2025-02-02 05:48:30 CET.
Flavor | Version | Tinstall | Tcheck | Ttotal | Status | Flags |
---|---|---|---|---|---|---|
r-devel-linux-x86_64-debian-clang | 1.0.6 | 10.99 | 165.35 | 176.34 | NOTE | |
r-devel-linux-x86_64-debian-gcc | 1.0.6 | 7.74 | 128.38 | 136.12 | NOTE | |
r-devel-linux-x86_64-fedora-clang | 1.0.6 | 291.08 | OK | |||
r-devel-linux-x86_64-fedora-gcc | 1.0.6 | 307.26 | OK | |||
r-devel-windows-x86_64 | 1.0.6 | 12.00 | 183.00 | 195.00 | NOTE | |
r-patched-linux-x86_64 | 1.0.6 | 13.93 | 164.51 | 178.44 | OK | |
r-release-linux-x86_64 | 1.0.6 | 9.82 | 164.34 | 174.16 | OK | |
r-release-macos-arm64 | 1.0.6 | 74.00 | OK | |||
r-release-macos-x86_64 | 1.0.6 | 114.00 | OK | |||
r-release-windows-x86_64 | 1.0.6 | 12.00 | 177.00 | 189.00 | OK | |
r-oldrel-macos-arm64 | 1.0.6 | 79.00 | OK | |||
r-oldrel-macos-x86_64 | 1.0.6 | 179.00 | OK | |||
r-oldrel-windows-x86_64 | 1.0.6 | 14.00 | 212.00 | 226.00 | OK |
Version: 1.0.6
Check: Rd cross-references
Result: NOTE
Found the following Rd file(s) with Rd \link{} targets missing package
anchors:
samplers.Rd: configureMCMC, addSampler, buildMCMC, runMCMC
Please provide package anchors for all Rd \link{} targets not in the
package itself and the base packages.
Flavors: r-devel-linux-x86_64-debian-clang, r-devel-linux-x86_64-debian-gcc, r-devel-windows-x86_64
These binaries (installable software) and packages are in development.
They may not be fully stable and should be used with caution. We make no claims about them.