CRAN Package Check Results for Package nimbleHMC

Last updated on 2025-10-03 13:49:41 CEST.

Flavor Version Tinstall Tcheck Ttotal Status Flags
r-devel-linux-x86_64-debian-clang 0.2.3 13.63 76.89 90.52 OK
r-devel-linux-x86_64-debian-gcc 0.2.3 8.39 61.74 70.13 OK
r-devel-linux-x86_64-fedora-clang 0.2.3 138.13 NOTE
r-devel-linux-x86_64-fedora-gcc 0.2.3 132.66 NOTE
r-devel-windows-x86_64 0.2.3 14.00 88.00 102.00 OK
r-patched-linux-x86_64 0.2.3 13.25 74.05 87.30 OK
r-release-linux-x86_64 0.2.3 15.03 74.50 89.53 OK
r-release-macos-arm64 0.2.3 45.00 OK
r-release-macos-x86_64 0.2.3 78.00 OK
r-release-windows-x86_64 0.2.3 14.00 88.00 102.00 OK
r-oldrel-macos-arm64 0.2.3 44.00 OK
r-oldrel-macos-x86_64 0.2.3 90.00 OK
r-oldrel-windows-x86_64 0.2.3 19.00 108.00 127.00 OK

Check Details

Version: 0.2.3
Check: dependencies in R code
Result: NOTE Namespace in Imports field not imported from: ‘methods’ All declared Imports should be used. Flavors: r-devel-linux-x86_64-fedora-clang, r-devel-linux-x86_64-fedora-gcc

These binaries (installable software) and packages are in development.
They may not be fully stable and should be used with caution. We make no claims about them.