Last updated on 2025-07-02 01:51:44 CEST.
Flavor | Version | Tinstall | Tcheck | Ttotal | Status | Flags |
---|---|---|---|---|---|---|
r-devel-linux-x86_64-debian-clang | 0.2.3 | 14.42 | 76.58 | 91.00 | OK | |
r-devel-linux-x86_64-debian-gcc | 0.2.3 | 9.20 | 62.28 | 71.48 | OK | |
r-devel-linux-x86_64-fedora-clang | 0.2.3 | 137.89 | NOTE | |||
r-devel-linux-x86_64-fedora-gcc | 0.2.3 | 131.24 | NOTE | |||
r-devel-windows-x86_64 | 0.2.3 | 13.00 | 96.00 | 109.00 | OK | |
r-patched-linux-x86_64 | OK | |||||
r-release-linux-x86_64 | 0.2.3 | 11.28 | 73.94 | 85.22 | OK | |
r-release-macos-arm64 | 0.2.3 | 45.00 | OK | |||
r-release-macos-x86_64 | 0.2.3 | 78.00 | OK | |||
r-release-windows-x86_64 | 0.2.3 | 14.00 | 89.00 | 103.00 | OK | |
r-oldrel-macos-arm64 | 0.2.3 | 44.00 | OK | |||
r-oldrel-macos-x86_64 | 0.2.3 | 90.00 | OK | |||
r-oldrel-windows-x86_64 | 0.2.3 | 18.00 | 106.00 | 124.00 | OK |
Version: 0.2.3
Check: dependencies in R code
Result: NOTE
Namespace in Imports field not imported from: ‘methods’
All declared Imports should be used.
Flavors: r-devel-linux-x86_64-fedora-clang, r-devel-linux-x86_64-fedora-gcc
These binaries (installable software) and packages are in development.
They may not be fully stable and should be used with caution. We make no claims about them.