Last updated on 2025-11-15 11:50:51 CET.
| Flavor | Version | Tinstall | Tcheck | Ttotal | Status | Flags |
|---|---|---|---|---|---|---|
| r-devel-linux-x86_64-debian-clang | 1.0.3 | 7.87 | 148.13 | 156.00 | NOTE | |
| r-devel-linux-x86_64-debian-gcc | 1.0.3 | 6.60 | 117.84 | 124.44 | NOTE | |
| r-devel-linux-x86_64-fedora-clang | 1.0.3 | 14.00 | 235.14 | 249.14 | OK | |
| r-devel-linux-x86_64-fedora-gcc | 1.0.3 | 14.00 | 248.00 | 262.00 | OK | |
| r-devel-windows-x86_64 | 1.0.3 | 11.00 | 167.00 | 178.00 | OK | |
| r-patched-linux-x86_64 | 1.0.3 | 7.66 | 150.79 | 158.45 | OK | |
| r-release-linux-x86_64 | 1.0.3 | 8.03 | 150.65 | 158.68 | OK | |
| r-release-macos-arm64 | 1.0.3 | 5.00 | 84.00 | 89.00 | OK | |
| r-release-macos-x86_64 | 1.0.3 | 7.00 | 137.00 | 144.00 | OK | |
| r-release-windows-x86_64 | 1.0.3 | 10.00 | 161.00 | 171.00 | OK | |
| r-oldrel-macos-arm64 | 1.0.3 | 4.00 | 70.00 | 74.00 | OK | |
| r-oldrel-macos-x86_64 | 1.0.3 | 11.00 | 202.00 | 213.00 | OK | |
| r-oldrel-windows-x86_64 | 1.0.3 | 12.00 | 203.00 | 215.00 | OK |
Version: 1.0.3
Check: CRAN incoming feasibility
Result: NOTE
Maintainer: ‘David Pleydell <david.pleydell@inrae.fr>’
No Authors@R field in DESCRIPTION.
Please add one, modifying
Authors@R: person(given = "David",
family = "Pleydell",
role = c("aut", "cre", "cph"),
email = "david.pleydell@inrae.fr",
comment = c("Package developer", ORCID = "0000-0002-6450-1475"))
as necessary.
Flavors: r-devel-linux-x86_64-debian-clang, r-devel-linux-x86_64-debian-gcc
These binaries (installable software) and packages are in development.
They may not be fully stable and should be used with caution. We make no claims about them.