Last updated on 2025-10-23 23:49:38 CEST.
| Flavor | Version | Tinstall | Tcheck | Ttotal | Status | Flags |
|---|---|---|---|---|---|---|
| r-devel-linux-x86_64-debian-clang | 1.1.3 | 1.56 | 19.98 | 21.54 | NOTE | |
| r-devel-linux-x86_64-debian-gcc | 1.1.3 | 1.49 | 16.54 | 18.03 | NOTE | |
| r-devel-linux-x86_64-fedora-clang | 1.1.3 | 32.23 | OK | |||
| r-devel-linux-x86_64-fedora-gcc | 1.1.3 | 32.21 | OK | |||
| r-devel-windows-x86_64 | 1.1.3 | 3.00 | 38.00 | 41.00 | OK | |
| r-patched-linux-x86_64 | 1.1.3 | 1.95 | 18.77 | 20.72 | OK | |
| r-release-linux-x86_64 | 1.1.3 | 1.78 | 18.87 | 20.65 | OK | |
| r-release-macos-arm64 | 1.1.3 | 1.00 | 18.00 | 19.00 | OK | |
| r-release-macos-x86_64 | 1.1.3 | 2.00 | 24.00 | 26.00 | OK | |
| r-release-windows-x86_64 | 1.1.3 | 3.00 | 50.00 | 53.00 | OK | |
| r-oldrel-macos-arm64 | 1.1.3 | 1.00 | 13.00 | 14.00 | OK | |
| r-oldrel-macos-x86_64 | 1.1.3 | 2.00 | 20.00 | 22.00 | OK | |
| r-oldrel-windows-x86_64 | 1.1.3 | 2.00 | 38.00 | 40.00 | OK |
Version: 1.1.3
Check: CRAN incoming feasibility
Result: NOTE
Maintainer: ‘Oleh Komashko <oleg_komashko@ukr.net>’
No Authors@R field in DESCRIPTION.
Please add one, modifying
Authors@R: person(given = "Oleh",
family = "Komashko",
role = c("aut", "cre"),
email = "oleg_komashko@ukr.net")
as necessary.
Flavors: r-devel-linux-x86_64-debian-clang, r-devel-linux-x86_64-debian-gcc
These binaries (installable software) and packages are in development.
They may not be fully stable and should be used with caution. We make no claims about them.