Last updated on 2025-11-01 01:50:38 CET.
| Flavor | Version | Tinstall | Tcheck | Ttotal | Status | Flags |
|---|---|---|---|---|---|---|
| r-devel-linux-x86_64-debian-clang | 0.3.6 | 44.32 | 429.92 | 474.24 | OK | |
| r-devel-linux-x86_64-debian-gcc | 0.3.6 | 31.91 | 315.88 | 347.79 | OK | |
| r-devel-linux-x86_64-fedora-clang | 0.3.6 | 88.00 | 660.12 | 748.12 | OK | |
| r-devel-linux-x86_64-fedora-gcc | 0.3.6 | 335.00 | 460.22 | 795.22 | OK | |
| r-devel-windows-x86_64 | 0.3.6 | 56.00 | 387.00 | 443.00 | OK | |
| r-patched-linux-x86_64 | 0.3.6 | 0.33 | 1.94 | 2.27 | ERROR | |
| r-release-linux-x86_64 | 0.3.6 | 40.06 | 413.99 | 454.05 | OK | |
| r-release-macos-arm64 | 0.3.6 | 19.00 | 131.00 | 150.00 | OK | |
| r-release-macos-x86_64 | 0.3.6 | 6.00 | ERROR | |||
| r-release-windows-x86_64 | 0.3.6 | 44.00 | 385.00 | 429.00 | OK | |
| r-oldrel-macos-arm64 | 0.3.6 | 17.00 | 171.00 | 188.00 | OK | |
| r-oldrel-macos-x86_64 | 0.3.6 | 39.00 | 320.00 | 359.00 | OK | |
| r-oldrel-windows-x86_64 | 0.3.6 | 60.00 | 511.00 | 571.00 | OK |
Version: 0.3.6
Check: package dependencies
Result: ERROR
Package required but not available: ‘MLInterfaces’
See section ‘The DESCRIPTION file’ in the ‘Writing R Extensions’
manual.
Flavors: r-patched-linux-x86_64, r-release-macos-x86_64
These binaries (installable software) and packages are in development.
They may not be fully stable and should be used with caution. We make no claims about them.