CRAN Package Check Results for Package nleqslv

Last updated on 2025-11-13 09:50:55 CET.

Flavor Version Tinstall Tcheck Ttotal Status Flags
r-devel-linux-x86_64-debian-clang 3.3.5 7.26 29.48 36.74 NOTE
r-devel-linux-x86_64-debian-gcc 3.3.5 4.96 23.59 28.55 NOTE
r-devel-linux-x86_64-fedora-clang 3.3.5 16.00 39.33 55.33 OK
r-devel-linux-x86_64-fedora-gcc 3.3.5 14.00 37.87 51.87 OK
r-devel-windows-x86_64 3.3.5 20.00 52.00 72.00 OK
r-patched-linux-x86_64 3.3.5 5.16 28.31 33.47 OK
r-release-linux-x86_64 3.3.5 4.73 28.24 32.97 OK
r-release-macos-arm64 3.3.5 5.00 19.00 24.00 OK
r-release-macos-x86_64 3.3.5 6.00 34.00 40.00 OK
r-release-windows-x86_64 3.3.5 21.00 52.00 73.00 OK
r-oldrel-macos-arm64 3.3.5 4.00 24.00 28.00 OK
r-oldrel-macos-x86_64 3.3.5 6.00 36.00 42.00 OK
r-oldrel-windows-x86_64 3.3.5 16.00 54.00 70.00 OK

Check Details

Version: 3.3.5
Check: CRAN incoming feasibility
Result: NOTE Maintainer: ‘Berend Hasselman <bhh@xs4all.nl>’ No Authors@R field in DESCRIPTION. Please add one, modifying Authors@R: person(given = "Berend", family = "Hasselman", role = c("aut", "cre"), email = "bhh@xs4all.nl") as necessary. Flavors: r-devel-linux-x86_64-debian-clang, r-devel-linux-x86_64-debian-gcc

These binaries (installable software) and packages are in development.
They may not be fully stable and should be used with caution. We make no claims about them.