Last updated on 2025-10-23 23:49:38 CEST.
| Flavor | Version | Tinstall | Tcheck | Ttotal | Status | Flags |
|---|---|---|---|---|---|---|
| r-devel-linux-x86_64-debian-clang | 1.0 | 6.00 | 56.62 | 62.62 | OK | |
| r-devel-linux-x86_64-debian-gcc | 1.0 | 4.46 | 41.81 | 46.27 | NOTE | |
| r-devel-linux-x86_64-fedora-clang | 1.0 | 19.00 | 82.51 | 101.51 | OK | |
| r-devel-linux-x86_64-fedora-gcc | 1.0 | 12.00 | 80.98 | 92.98 | OK | |
| r-devel-windows-x86_64 | 1.0 | 7.00 | 73.00 | 80.00 | OK | |
| r-patched-linux-x86_64 | 1.0 | 5.77 | 53.67 | 59.44 | OK | |
| r-release-linux-x86_64 | 1.0 | 5.68 | 53.49 | 59.17 | OK | |
| r-release-macos-arm64 | 1.0 | 3.00 | 23.00 | 26.00 | OK | |
| r-release-macos-x86_64 | 1.0 | 4.00 | 38.00 | 42.00 | OK | |
| r-release-windows-x86_64 | 1.0 | 8.00 | 74.00 | 82.00 | OK | |
| r-oldrel-macos-arm64 | 1.0 | 2.00 | 22.00 | 24.00 | OK | |
| r-oldrel-macos-x86_64 | 1.0 | 4.00 | 33.00 | 37.00 | OK | |
| r-oldrel-windows-x86_64 | 1.0 | 10.00 | 89.00 | 99.00 | OK |
Version: 1.0
Check: Rd files
Result: NOTE
checkRd: (-1) nlgm-package.Rd:12-18: Only 3 columns allowed in this table (row 2 has 2)
checkRd: (-1) nlgm-package.Rd:12-18: Only 3 columns allowed in this table (row 3 has 2)
checkRd: (-1) nlgm-package.Rd:12-18: Only 3 columns allowed in this table (row 4 has 2)
Flavor: r-devel-linux-x86_64-debian-gcc
These binaries (installable software) and packages are in development.
They may not be fully stable and should be used with caution. We make no claims about them.