Last updated on 2025-11-16 21:49:53 CET.
| Flavor | Version | Tinstall | Tcheck | Ttotal | Status | Flags |
|---|---|---|---|---|---|---|
| r-devel-linux-x86_64-debian-clang | 1.0 | 5.45 | 56.73 | 62.18 | NOTE | |
| r-devel-linux-x86_64-debian-gcc | 1.0 | 4.28 | 42.48 | 46.76 | OK | |
| r-devel-linux-x86_64-fedora-clang | 1.0 | 18.00 | 81.90 | 99.90 | OK | |
| r-devel-linux-x86_64-fedora-gcc | 1.0 | 24.00 | 71.49 | 95.49 | OK | |
| r-devel-windows-x86_64 | 1.0 | 10.00 | 74.00 | 84.00 | NOTE | |
| r-patched-linux-x86_64 | 1.0 | 5.92 | 53.58 | 59.50 | OK | |
| r-release-linux-x86_64 | 1.0 | 5.54 | 53.34 | 58.88 | OK | |
| r-release-macos-arm64 | 1.0 | 3.00 | 23.00 | 26.00 | OK | |
| r-release-macos-x86_64 | 1.0 | 4.00 | 38.00 | 42.00 | OK | |
| r-release-windows-x86_64 | 1.0 | 7.00 | 73.00 | 80.00 | OK | |
| r-oldrel-macos-arm64 | 1.0 | 2.00 | 22.00 | 24.00 | OK | |
| r-oldrel-macos-x86_64 | 1.0 | 4.00 | 33.00 | 37.00 | OK | |
| r-oldrel-windows-x86_64 | 1.0 | 10.00 | 87.00 | 97.00 | OK |
Version: 1.0
Check: Rd files
Result: NOTE
checkRd: (-1) nlgm-package.Rd:12-18: Only 3 columns allowed in this table (row 2 has 2)
checkRd: (-1) nlgm-package.Rd:12-18: Only 3 columns allowed in this table (row 3 has 2)
checkRd: (-1) nlgm-package.Rd:12-18: Only 3 columns allowed in this table (row 4 has 2)
Flavors: r-devel-linux-x86_64-debian-clang, r-devel-windows-x86_64
These binaries (installable software) and packages are in development.
They may not be fully stable and should be used with caution. We make no claims about them.