CRAN Package Check Results for Package nlmeU

Last updated on 2025-05-01 14:49:16 CEST.

Flavor Version Tinstall Tcheck Ttotal Status Flags
r-devel-linux-x86_64-debian-clang 0.70-9 1.70 31.34 33.04 NOTE
r-devel-linux-x86_64-debian-gcc 0.70-9 1.95 23.80 25.75 NOTE
r-devel-linux-x86_64-fedora-clang 0.70-9 53.06 OK
r-devel-linux-x86_64-fedora-gcc 0.70-9 50.22 OK
r-devel-windows-x86_64 0.70-9 5.00 73.00 78.00 NOTE
r-patched-linux-x86_64 0.70-9 3.08 29.43 32.51 NOTE
r-release-linux-x86_64 NOTE
r-release-macos-arm64 0.70-9 23.00 OK
r-release-macos-x86_64 0.70-9 61.00 OK
r-release-windows-x86_64 0.70-9 5.00 84.00 89.00 NOTE
r-oldrel-macos-arm64 0.70-9 20.00 OK
r-oldrel-macos-x86_64 0.70-9 34.00 OK
r-oldrel-windows-x86_64 0.70-9 4.00 61.00 65.00 OK

Check Details

Version: 0.70-9
Check: CRAN incoming feasibility
Result: NOTE Maintainer: ‘Andrzej Galecki <agalecki@umich.edu>’ No Authors@R field in DESCRIPTION. Please add one, modifying Authors@R: c(person(given = c("Andrzej", "Galecki"), family = "agalecki@umich.edu", role = "aut"), person(given = c("Tomasz", "Burzykowski"), family = "tomasz.burzykowski@uhasselt.be", role = "aut"), person(given = "Andrzej", family = "Galecki", role = "cre", email = "agalecki@umich.edu")) as necessary. Package CITATION file contains call(s) to old-style personList() or as.personList(). Please use c() on person objects instead. Package CITATION file contains call(s) to old-style citEntry(). Please use bibentry() instead. Flavors: r-devel-linux-x86_64-debian-clang, r-devel-linux-x86_64-debian-gcc

Version: 0.70-9
Check: Rd cross-references
Result: NOTE Found the following Rd file(s) with Rd \link{} targets missing package anchors: Pwr.lme.Rd: anova.lme Please provide package anchors for all Rd \link{} targets not in the package itself and the base packages. Flavors: r-devel-linux-x86_64-debian-clang, r-devel-linux-x86_64-debian-gcc, r-devel-windows-x86_64, r-patched-linux-x86_64, r-release-linux-x86_64, r-release-windows-x86_64

These binaries (installable software) and packages are in development.
They may not be fully stable and should be used with caution. We make no claims about them.