Last updated on 2025-02-16 08:50:55 CET.
Flavor | Version | Tinstall | Tcheck | Ttotal | Status | Flags |
---|---|---|---|---|---|---|
r-devel-linux-x86_64-debian-clang | 2.6 | 28.72 | 230.98 | 259.70 | NOTE | |
r-devel-linux-x86_64-debian-gcc | 2.6 | 22.21 | 154.17 | 176.38 | NOTE | |
r-devel-linux-x86_64-fedora-clang | 2.6 | 462.05 | NOTE | |||
r-devel-linux-x86_64-fedora-gcc | 2.6 | 415.49 | NOTE | |||
r-devel-macos-arm64 | 2.6 | 102.00 | NOTE | |||
r-devel-macos-x86_64 | 2.6 | 207.00 | NOTE | |||
r-devel-windows-x86_64 | 2.6 | 32.00 | 231.00 | 263.00 | NOTE | |
r-patched-linux-x86_64 | 2.6 | 29.15 | 215.41 | 244.56 | NOTE | |
r-release-linux-x86_64 | 2.6 | 26.87 | 215.31 | 242.18 | NOTE | |
r-release-macos-arm64 | 2.6 | 97.00 | NOTE | |||
r-release-macos-x86_64 | 2.6 | 153.00 | NOTE | |||
r-release-windows-x86_64 | 2.6 | 32.00 | 241.00 | 273.00 | NOTE | |
r-oldrel-macos-arm64 | 2.6 | 114.00 | NOTE | |||
r-oldrel-macos-x86_64 | 2.6 | 194.00 | NOTE | |||
r-oldrel-windows-x86_64 | 2.6 | 43.00 | 293.00 | 336.00 | NOTE |
Version: 2.6
Check: C++ specification
Result: NOTE
Specified C++11: please drop specification unless essential
Flavors: r-devel-linux-x86_64-debian-clang, r-devel-linux-x86_64-debian-gcc, r-devel-linux-x86_64-fedora-clang, r-devel-linux-x86_64-fedora-gcc, r-devel-macos-arm64, r-devel-macos-x86_64, r-devel-windows-x86_64, r-patched-linux-x86_64, r-release-linux-x86_64, r-release-macos-arm64, r-release-macos-x86_64, r-release-windows-x86_64, r-oldrel-macos-arm64, r-oldrel-macos-x86_64, r-oldrel-windows-x86_64
These binaries (installable software) and packages are in development.
They may not be fully stable and should be used with caution. We make no claims about them.