Last updated on 2025-04-16 11:50:05 CEST.
Flavor | Version | Tinstall | Tcheck | Ttotal | Status | Flags |
---|---|---|---|---|---|---|
r-devel-linux-x86_64-debian-clang | 2.6 | 29.84 | 232.57 | 262.41 | NOTE | |
r-devel-linux-x86_64-debian-gcc | 2.6 | 21.52 | 143.17 | 164.69 | NOTE | |
r-devel-linux-x86_64-fedora-clang | 2.6 | 436.34 | NOTE | |||
r-devel-linux-x86_64-fedora-gcc | 2.6 | 421.10 | NOTE | |||
r-devel-windows-x86_64 | 2.6 | 35.00 | 225.00 | 260.00 | NOTE | |
r-patched-linux-x86_64 | 2.6 | 29.49 | 218.93 | 248.42 | NOTE | |
r-release-linux-x86_64 | 2.6 | 28.00 | 216.68 | 244.68 | NOTE | |
r-release-macos-arm64 | 2.6 | 98.00 | NOTE | |||
r-release-macos-x86_64 | 2.6 | 207.00 | NOTE | |||
r-release-windows-x86_64 | 2.6 | 38.00 | 225.00 | 263.00 | NOTE | |
r-oldrel-macos-arm64 | 2.6 | 97.00 | NOTE | |||
r-oldrel-macos-x86_64 | 2.6 | 153.00 | NOTE | |||
r-oldrel-windows-x86_64 | 2.6 | 43.00 | 299.00 | 342.00 | NOTE |
Version: 2.6
Check: C++ specification
Result: NOTE
Specified C++11: please drop specification unless essential
Flavors: r-devel-linux-x86_64-debian-clang, r-devel-linux-x86_64-debian-gcc, r-devel-linux-x86_64-fedora-clang, r-devel-linux-x86_64-fedora-gcc, r-devel-windows-x86_64, r-patched-linux-x86_64, r-release-linux-x86_64, r-release-macos-arm64, r-release-macos-x86_64, r-release-windows-x86_64, r-oldrel-macos-arm64, r-oldrel-macos-x86_64, r-oldrel-windows-x86_64
These binaries (installable software) and packages are in development.
They may not be fully stable and should be used with caution. We make no claims about them.