Last updated on 2025-10-23 11:50:21 CEST.
Flavor | Version | Tinstall | Tcheck | Ttotal | Status | Flags |
---|---|---|---|---|---|---|
r-devel-linux-x86_64-debian-clang | 0.3.0 | 8.94 | 482.67 | 491.61 | NOTE | |
r-devel-linux-x86_64-debian-gcc | 0.3.0 | 6.92 | 314.82 | 321.74 | NOTE | |
r-devel-linux-x86_64-fedora-clang | 0.3.1 | 34.00 | 806.72 | 840.72 | OK | |
r-devel-linux-x86_64-fedora-gcc | 0.3.1 | 15.00 | 864.34 | 879.34 | OK | |
r-devel-windows-x86_64 | 0.3.0 | 12.00 | 489.00 | 501.00 | NOTE | |
r-patched-linux-x86_64 | 0.3.0 | 8.64 | 442.29 | 450.93 | NOTE | |
r-release-linux-x86_64 | 0.3.0 | 7.73 | 441.29 | 449.02 | NOTE | |
r-release-macos-arm64 | 0.3.1 | 5.00 | 216.00 | 221.00 | OK | |
r-release-macos-x86_64 | 0.3.1 | 13.00 | 652.00 | 665.00 | OK | |
r-release-windows-x86_64 | 0.3.0 | 13.00 | 491.00 | 504.00 | NOTE | |
r-oldrel-macos-arm64 | 0.3.1 | 5.00 | 225.00 | 230.00 | OK | |
r-oldrel-macos-x86_64 | 0.3.1 | 11.00 | 721.00 | 732.00 | OK | |
r-oldrel-windows-x86_64 | 0.3.0 | 17.00 | 620.00 | 637.00 | OK |
Version: 0.3.0
Check: DESCRIPTION meta-information
Result: NOTE
Missing dependency on R >= 4.1.0 because package code uses the pipe
|> or function shorthand \(...) syntax added in R 4.1.0.
File(s) using such syntax:
‘addBaseline1exp.Rd’ ‘addBaselineConst.Rd’ ‘addBaselineExp.Rd’
‘addBaselineLin.Rd’ ‘addCmtProp.Rd’ ‘addDepot.Rd’ ‘addDirectLin.Rd’
‘addEffectCmtLin.Rd’ ‘addEta.Rd’ ‘addIndirect.Rd’ ‘addIndirectLin.Rd’
‘addLogEstimates.Rd’ ‘addResErr.Rd’ ‘addTransit.Rd’
‘addWeibullAbs.Rd’ ‘convertEmax.Rd’ ‘convertEmaxHill.Rd’
‘convertKinR0.Rd’ ‘convertLogLin.Rd’ ‘convertMM.Rd’ ‘convertQuad.Rd’
‘fakeCc.Rd’ ‘pkTrans.Rd’ ‘removeDepot.Rd’ ‘removeLinesAndInis.Rd’
‘removeTransit.Rd’
Flavors: r-devel-linux-x86_64-debian-clang, r-devel-linux-x86_64-debian-gcc, r-devel-windows-x86_64, r-patched-linux-x86_64, r-release-linux-x86_64, r-release-windows-x86_64
These binaries (installable software) and packages are in development.
They may not be fully stable and should be used with caution. We make no claims about them.