Last updated on 2025-05-01 12:49:35 CEST.
Flavor | Version | Tinstall | Tcheck | Ttotal | Status | Flags |
---|---|---|---|---|---|---|
r-devel-linux-x86_64-debian-clang | 1.4 | 9.57 | 79.83 | 89.40 | NOTE | |
r-devel-linux-x86_64-debian-gcc | 1.4 | 6.69 | 60.81 | 67.50 | NOTE | |
r-devel-linux-x86_64-fedora-clang | 1.4 | 144.74 | OK | |||
r-devel-linux-x86_64-fedora-gcc | 1.4 | 137.66 | OK | |||
r-devel-windows-x86_64 | 1.4 | 11.00 | 100.00 | 111.00 | OK | |
r-patched-linux-x86_64 | 1.4 | 9.35 | 76.65 | 86.00 | OK | |
r-release-linux-x86_64 | OK | |||||
r-release-macos-arm64 | 1.4 | 45.00 | OK | |||
r-release-macos-x86_64 | 1.4 | 83.00 | OK | |||
r-release-windows-x86_64 | 1.4 | 11.00 | 109.00 | 120.00 | OK | |
r-oldrel-macos-arm64 | 1.4 | 37.00 | OK | |||
r-oldrel-macos-x86_64 | 1.4 | 59.00 | OK | |||
r-oldrel-windows-x86_64 | 1.4 | 14.00 | 110.00 | 124.00 | OK |
Version: 1.4
Check: CRAN incoming feasibility
Result: NOTE
Maintainer: ‘Tianwei Yu<yutianwei@cuhk.edu.cn>’
No Authors@R field in DESCRIPTION.
Please add one, modifying
Authors@R: c(person(given = "Tianwei",
family = "Yu",
role = c("aut", "cre"),
email = "yutianwei@cuhk.edu.cn"),
person(given = "Haodong",
family = "Liu",
role = "aut"))
as necessary.
Flavors: r-devel-linux-x86_64-debian-clang, r-devel-linux-x86_64-debian-gcc
These binaries (installable software) and packages are in development.
They may not be fully stable and should be used with caution. We make no claims about them.