CRAN Package Check Results for Package nlpred

Last updated on 2025-05-01 14:49:16 CEST.

Flavor Version Tinstall Tcheck Ttotal Status Flags
r-devel-linux-x86_64-debian-clang 1.0.1 15.72 193.14 208.86 NOTE
r-devel-linux-x86_64-debian-gcc 1.0.1 11.24 141.15 152.39 NOTE
r-devel-linux-x86_64-fedora-clang 1.0.1 325.94 NOTE
r-devel-linux-x86_64-fedora-gcc 1.0.1 330.16 NOTE
r-devel-windows-x86_64 1.0.1 18.00 198.00 216.00 NOTE
r-patched-linux-x86_64 1.0.1 15.20 177.62 192.82 NOTE
r-release-linux-x86_64 NOTE
r-release-macos-arm64 1.0.1 90.00 NOTE
r-release-macos-x86_64 1.0.1 163.00 NOTE
r-release-windows-x86_64 1.0.1 19.00 205.00 224.00 NOTE
r-oldrel-macos-arm64 1.0.1 91.00 NOTE
r-oldrel-macos-x86_64 1.0.1 137.00 NOTE
r-oldrel-windows-x86_64 1.0.1 23.00 232.00 255.00 NOTE

Check Details

Version: 1.0.1
Check: CRAN incoming feasibility
Result: NOTE Maintainer: ‘David Benkeser <benkeser@emory.edu>’ Found the following URLs which should use \doi (with the DOI name only): File ‘wine.Rd’: https://doi.org/10.1016/j.dss.2009.05.016 Flavors: r-devel-linux-x86_64-debian-clang, r-devel-linux-x86_64-debian-gcc

Version: 1.0.1
Check: Rd files
Result: NOTE checkRd: (-1) dot-make_long_data.Rd:44: Lost braces; missing escapes or markup? 44 | training sample), psi (the value of this observations Psihat(P_{n,B_n}^0)), | ^ checkRd: (-1) dot-make_long_data_nested_cv.Rd:49: Lost braces; missing escapes or markup? 49 | training sample), psi (the value of this observations Psihat(P_{n,B_n}^0)), | ^ Flavors: r-devel-linux-x86_64-debian-clang, r-devel-linux-x86_64-debian-gcc, r-devel-linux-x86_64-fedora-clang, r-devel-linux-x86_64-fedora-gcc, r-devel-windows-x86_64, r-patched-linux-x86_64, r-release-linux-x86_64, r-release-macos-arm64, r-release-macos-x86_64, r-release-windows-x86_64, r-oldrel-macos-arm64, r-oldrel-macos-x86_64, r-oldrel-windows-x86_64

Version: 1.0.1
Check: examples
Result: NOTE Examples with CPU (user + system) or elapsed time > 5s user system elapsed cv_scrnp 5.1 0.111 6.12 Flavor: r-devel-linux-x86_64-debian-clang

Version: 1.0.1
Check: examples
Result: NA user system elapsed cv_scrnp 5.476 0.146 6.639 OK Flavor: r-devel-linux-x86_64-debian-gcc

These binaries (installable software) and packages are in development.
They may not be fully stable and should be used with caution. We make no claims about them.