Last updated on 2024-07-27 15:50:27 CEST.
Flavor | Version | Tinstall | Tcheck | Ttotal | Status | Flags |
---|---|---|---|---|---|---|
r-devel-linux-x86_64-debian-clang | 0.3 | 81.05 | 414.96 | 496.01 | OK | |
r-devel-linux-x86_64-debian-gcc | 0.3 | OK | ||||
r-devel-linux-x86_64-fedora-clang | 0.3 | 617.79 | NOTE | |||
r-devel-linux-x86_64-fedora-gcc | 0.3 | 572.96 | OK | |||
r-devel-windows-x86_64 | 0.3 | 54.00 | 275.00 | 329.00 | NOTE | |
r-patched-linux-x86_64 | 0.3 | OK | ||||
r-release-linux-x86_64 | 0.3 | 42.32 | 399.95 | 442.27 | OK | |
r-release-macos-arm64 | 0.3 | 146.00 | NOTE | |||
r-release-macos-x86_64 | 0.3 | 252.00 | NOTE | |||
r-release-windows-x86_64 | 0.3 | 55.00 | 268.00 | 323.00 | NOTE | |
r-oldrel-macos-arm64 | 0.3 | 187.00 | NOTE | |||
r-oldrel-macos-x86_64 | 0.3 | 316.00 | NOTE | |||
r-oldrel-windows-x86_64 | 0.3 | 74.00 | 341.00 | 415.00 | NOTE |
Version: 0.3
Check: installed package size
Result: NOTE
installed size is 6.2Mb
sub-directories of 1Mb or more:
doc 1.2Mb
extdata 3.7Mb
Flavors: r-devel-linux-x86_64-fedora-clang, r-devel-windows-x86_64, r-release-macos-arm64, r-release-macos-x86_64, r-release-windows-x86_64, r-oldrel-macos-arm64, r-oldrel-macos-x86_64, r-oldrel-windows-x86_64
These binaries (installable software) and packages are in development.
They may not be fully stable and should be used with caution. We make no claims about them.