CRAN Package Check Results for Package nlpsem

Last updated on 2025-07-22 13:49:19 CEST.

Flavor Version Tinstall Tcheck Ttotal Status Flags
r-devel-linux-x86_64-debian-clang 0.3 55.26 330.27 385.53 NOTE
r-devel-linux-x86_64-debian-gcc 0.3 34.10 214.78 248.88 NOTE
r-devel-linux-x86_64-fedora-clang 0.3 668.71 OK
r-devel-linux-x86_64-fedora-gcc 0.3 607.91 OK
r-devel-windows-x86_64 0.3 52.00 269.00 321.00 OK
r-patched-linux-x86_64 0.3 57.96 311.01 368.97 OK
r-release-linux-x86_64 0.3 54.70 313.86 368.56 OK
r-release-macos-arm64 0.3 139.00 OK
r-release-macos-x86_64 0.3 342.00 OK
r-release-windows-x86_64 0.3 52.00 286.00 338.00 OK
r-oldrel-macos-arm64 0.3 146.00 NOTE
r-oldrel-macos-x86_64 0.3 252.00 NOTE
r-oldrel-windows-x86_64 0.3 80.00 352.00 432.00 NOTE

Check Details

Version: 0.3
Check: CRAN incoming feasibility
Result: NOTE Maintainer: ‘Jin Liu <Veronica.Liu0206@gmail.com>’ The Description field contains <arXiv:2302.03237v2>. Please refer to arXiv e-prints via their arXiv DOI <doi:10.48550/arXiv.YYMM.NNNNN>. Flavors: r-devel-linux-x86_64-debian-clang, r-devel-linux-x86_64-debian-gcc

Version: 0.3
Check: installed package size
Result: NOTE installed size is 6.2Mb sub-directories of 1Mb or more: doc 1.2Mb extdata 3.7Mb Flavors: r-oldrel-macos-arm64, r-oldrel-macos-x86_64, r-oldrel-windows-x86_64

These binaries (installable software) and packages are in development.
They may not be fully stable and should be used with caution. We make no claims about them.