Last updated on 2025-02-16 08:50:55 CET.
Flavor | Version | Tinstall | Tcheck | Ttotal | Status | Flags |
---|---|---|---|---|---|---|
r-devel-linux-x86_64-debian-clang | 0.3 | 53.31 | 324.81 | 378.12 | OK | |
r-devel-linux-x86_64-debian-gcc | 0.3 | 35.13 | 205.87 | 241.00 | OK | |
r-devel-linux-x86_64-fedora-clang | 0.3 | 650.81 | OK | |||
r-devel-linux-x86_64-fedora-gcc | 0.3 | 598.14 | OK | |||
r-devel-macos-arm64 | 0.3 | 142.00 | OK | |||
r-devel-macos-x86_64 | 0.3 | 342.00 | OK | |||
r-devel-windows-x86_64 | 0.3 | 53.00 | 280.00 | 333.00 | OK | |
r-patched-linux-x86_64 | 0.3 | 55.66 | 296.85 | 352.51 | OK | |
r-release-linux-x86_64 | 0.3 | 54.57 | 295.11 | 349.68 | OK | |
r-release-macos-arm64 | 0.3 | 146.00 | NOTE | |||
r-release-macos-x86_64 | 0.3 | 252.00 | NOTE | |||
r-release-windows-x86_64 | 0.3 | 55.00 | 273.00 | 328.00 | NOTE | |
r-oldrel-macos-arm64 | 0.3 | 187.00 | NOTE | |||
r-oldrel-macos-x86_64 | 0.3 | 316.00 | NOTE | |||
r-oldrel-windows-x86_64 | 0.3 | 72.00 | 341.00 | 413.00 | NOTE |
Version: 0.3
Check: installed package size
Result: NOTE
installed size is 6.2Mb
sub-directories of 1Mb or more:
doc 1.2Mb
extdata 3.7Mb
Flavors: r-release-macos-arm64, r-release-macos-x86_64, r-release-windows-x86_64, r-oldrel-macos-arm64, r-oldrel-macos-x86_64, r-oldrel-windows-x86_64
These binaries (installable software) and packages are in development.
They may not be fully stable and should be used with caution. We make no claims about them.