Last updated on 2025-02-16 08:50:55 CET.
Flavor | Version | Tinstall | Tcheck | Ttotal | Status | Flags |
---|---|---|---|---|---|---|
r-devel-linux-x86_64-debian-clang | 1.2-2.2 | 11.47 | 84.83 | 96.30 | NOTE | |
r-devel-linux-x86_64-debian-gcc | 1.2-2.2 | 6.59 | 58.61 | 65.20 | NOTE | |
r-devel-linux-x86_64-fedora-clang | 1.2-2.2 | 155.22 | NOTE | |||
r-devel-linux-x86_64-fedora-gcc | 1.2-2.2 | 142.25 | NOTE | |||
r-devel-macos-arm64 | 1.2-2.2 | 41.00 | NOTE | |||
r-devel-macos-x86_64 | 1.2-2.2 | 75.00 | NOTE | |||
r-devel-windows-x86_64 | 1.2-2.2 | 11.00 | 102.00 | 113.00 | NOTE | |
r-patched-linux-x86_64 | 1.2-2.2 | 12.75 | 79.71 | 92.46 | NOTE | |
r-release-linux-x86_64 | 1.2-2.2 | 10.58 | 78.37 | 88.95 | NOTE | |
r-release-macos-arm64 | 1.2-2.2 | 41.00 | NOTE | |||
r-release-macos-x86_64 | 1.2-2.2 | 60.00 | NOTE | |||
r-release-windows-x86_64 | 1.2-2.2 | 13.00 | 109.00 | 122.00 | NOTE | |
r-oldrel-macos-arm64 | 1.2-2.2 | 46.00 | NOTE | |||
r-oldrel-macos-x86_64 | 1.2-2.2 | 78.00 | NOTE | |||
r-oldrel-windows-x86_64 | 1.2-2.2 | 16.00 | 123.00 | 139.00 | NOTE |
Version: 1.2-2.2
Check: Rd files
Result: NOTE
checkRd: (-1) Dmean.Rd:62: Escaped LaTeX specials: \&
checkRd: (-1) Dvar.Rd:63: Escaped LaTeX specials: \&
Flavors: r-devel-linux-x86_64-debian-clang, r-devel-linux-x86_64-debian-gcc, r-devel-linux-x86_64-fedora-clang, r-devel-linux-x86_64-fedora-gcc, r-devel-macos-arm64, r-devel-macos-x86_64, r-devel-windows-x86_64, r-patched-linux-x86_64, r-release-linux-x86_64, r-release-macos-arm64, r-release-macos-x86_64, r-release-windows-x86_64, r-oldrel-macos-arm64, r-oldrel-macos-x86_64, r-oldrel-windows-x86_64
Version: 1.2-2.2
Check: package dependencies
Result: NOTE
Package suggested but not available for checking: ‘csampling’
Flavor: r-oldrel-macos-x86_64
Version: 1.2-2.2
Check: Rd cross-references
Result: NOTE
Package unavailable to check Rd xrefs: ‘csampling’
Flavor: r-oldrel-macos-x86_64
These binaries (installable software) and packages are in development.
They may not be fully stable and should be used with caution. We make no claims about them.