CRAN Package Check Results for Package nls2

Last updated on 2025-11-11 15:50:40 CET.

Flavor Version Tinstall Tcheck Ttotal Status Flags
r-devel-linux-x86_64-debian-clang 0.3-4 2.67 27.96 30.63 NOTE
r-devel-linux-x86_64-debian-gcc 0.3-4 1.67 21.11 22.78 NOTE
r-devel-linux-x86_64-fedora-clang 0.3-4 45.19 OK
r-devel-linux-x86_64-fedora-gcc 0.3-4 44.59 OK
r-devel-windows-x86_64 0.3-4 5.00 44.00 49.00 OK
r-patched-linux-x86_64 0.3-4 2.55 26.28 28.83 OK
r-release-linux-x86_64 0.3-4 2.43 26.66 29.09 OK
r-release-macos-arm64 0.3-4 2.00 17.00 19.00 OK
r-release-macos-x86_64 0.3-4 3.00 32.00 35.00 OK
r-release-windows-x86_64 0.3-4 4.00 44.00 48.00 OK
r-oldrel-macos-arm64 0.3-4 1.00 23.00 24.00 OK
r-oldrel-macos-x86_64 0.3-4 4.00 60.00 64.00 OK
r-oldrel-windows-x86_64 0.3-4 6.00 50.00 56.00 OK

Check Details

Version: 0.3-4
Check: CRAN incoming feasibility
Result: NOTE Maintainer: ‘G. Grothendieck <ggrothendieck@gmail.com>’ No Authors@R field in DESCRIPTION. Please add one, modifying Authors@R: c(person(given = "G.", family = "Grothendieck", role = c("aut", "cre"), email = "ggrothendieck@gmail.com"), person(given = c("R", "Core"), family = "Team", role = "aut", comment = "nls")) as necessary. Flavors: r-devel-linux-x86_64-debian-clang, r-devel-linux-x86_64-debian-gcc

These binaries (installable software) and packages are in development.
They may not be fully stable and should be used with caution. We make no claims about them.