CRAN Package Check Results for Package nlsem

Last updated on 2025-07-27 07:49:39 CEST.

Flavor Version Tinstall Tcheck Ttotal Status Flags
r-devel-linux-x86_64-debian-clang 0.8-1 5.26 44.55 49.81 NOTE
r-devel-linux-x86_64-debian-gcc 0.8-1 3.37 33.83 37.20 NOTE
r-devel-linux-x86_64-fedora-clang 0.8-1 81.60 NOTE
r-devel-linux-x86_64-fedora-gcc 0.8-1 75.20 NOTE
r-devel-windows-x86_64 0.8-1 7.00 93.00 100.00 NOTE
r-patched-linux-x86_64 0.8-1 5.70 43.01 48.71 NOTE
r-release-linux-x86_64 0.8-1 5.56 42.18 47.74 NOTE
r-release-macos-arm64 0.8-1 28.00 NOTE
r-release-macos-x86_64 0.8-1 48.00 NOTE
r-release-windows-x86_64 0.8-1 6.00 63.00 69.00 NOTE
r-oldrel-macos-arm64 0.8-1 25.00 NOTE
r-oldrel-macos-x86_64 0.8-1 50.00 NOTE
r-oldrel-windows-x86_64 0.8-1 9.00 77.00 86.00 NOTE

Check Details

Version: 0.8-1
Check: Rd files
Result: NOTE checkRd: (-1) anova.Rd:19: Lost braces 19 | Returns an object of class code{anova}. These objects represent | ^ Flavors: r-devel-linux-x86_64-debian-clang, r-devel-linux-x86_64-debian-gcc, r-devel-linux-x86_64-fedora-clang, r-devel-linux-x86_64-fedora-gcc, r-devel-windows-x86_64, r-patched-linux-x86_64, r-release-linux-x86_64, r-release-macos-arm64, r-release-macos-x86_64, r-release-windows-x86_64, r-oldrel-macos-arm64, r-oldrel-macos-x86_64, r-oldrel-windows-x86_64

These binaries (installable software) and packages are in development.
They may not be fully stable and should be used with caution. We make no claims about them.