Last updated on 2025-05-01 17:56:10 CEST.
Flavor | Version | Tinstall | Tcheck | Ttotal | Status | Flags |
---|---|---|---|---|---|---|
r-devel-linux-x86_64-debian-clang | 2.2-2 | 1.92 | 27.95 | 29.87 | NOTE | |
r-devel-linux-x86_64-debian-gcc | 2.2-2 | 1.55 | 21.38 | 22.93 | OK | |
r-devel-linux-x86_64-fedora-clang | 2.2-2 | 48.72 | OK | |||
r-devel-linux-x86_64-fedora-gcc | 2.2-2 | 46.42 | OK | |||
r-devel-windows-x86_64 | 2.2-2 | 3.00 | 52.00 | 55.00 | OK | |
r-patched-linux-x86_64 | 2.2-2 | 2.26 | 26.80 | 29.06 | OK | |
r-release-linux-x86_64 | OK | |||||
r-release-macos-arm64 | 2.2-2 | 21.00 | OK | |||
r-release-macos-x86_64 | 2.2-2 | 35.00 | OK | |||
r-release-windows-x86_64 | 2.2-2 | 4.00 | 54.00 | 58.00 | OK | |
r-oldrel-macos-arm64 | 2.2-2 | 21.00 | OK | |||
r-oldrel-macos-x86_64 | 2.2-2 | 49.00 | OK | |||
r-oldrel-windows-x86_64 | 2.2-2 | 3.00 | 54.00 | 57.00 | OK |
Version: 2.2-2
Check: examples
Result: NOTE
Examples with CPU (user + system) or elapsed time > 5s
user system elapsed
nlt 5.482 0.042 6.881
Flavor: r-devel-linux-x86_64-debian-clang
These binaries (installable software) and packages are in development.
They may not be fully stable and should be used with caution. We make no claims about them.