CRAN Package Check Results for Package nmaINLA

Last updated on 2025-02-16 08:50:55 CET.

Flavor Version Tinstall Tcheck Ttotal Status Flags
r-devel-linux-x86_64-debian-clang 1.1.0 2.61 31.30 33.91 OK
r-devel-linux-x86_64-debian-gcc 1.1.0 1.96 25.04 27.00 OK
r-devel-linux-x86_64-fedora-clang 1.1.0 81.37 OK
r-devel-linux-x86_64-fedora-gcc 1.1.0 91.47 OK
r-devel-macos-arm64 1.1.0 31.00 OK
r-devel-macos-x86_64 1.1.0 64.00 OK
r-devel-windows-x86_64 1.1.0 3.00 89.00 92.00 OK
r-patched-linux-x86_64 1.1.0 2.88 29.67 32.55 NOTE
r-release-linux-x86_64 1.1.0 2.17 30.02 32.19 NOTE
r-release-macos-arm64 1.1.0 27.00 NOTE
r-release-macos-x86_64 1.1.0 80.00 NOTE
r-release-windows-x86_64 1.1.0 5.00 94.00 99.00 OK
r-oldrel-macos-arm64 1.1.0 28.00 NOTE
r-oldrel-macos-x86_64 1.1.0 42.00 NOTE
r-oldrel-windows-x86_64 1.1.0 4.00 73.00 77.00 NOTE

Check Details

Version: 1.1.0
Check: package dependencies
Result: NOTE Package suggested but not available for checking: ‘INLA’ Flavors: r-patched-linux-x86_64, r-release-linux-x86_64, r-release-macos-arm64, r-release-macos-x86_64, r-oldrel-macos-arm64, r-oldrel-macos-x86_64, r-oldrel-windows-x86_64

These binaries (installable software) and packages are in development.
They may not be fully stable and should be used with caution. We make no claims about them.