CRAN Package Check Results for Package nmaplateplot

Last updated on 2025-05-03 22:50:01 CEST.

Flavor Version Tinstall Tcheck Ttotal Status Flags
r-devel-linux-x86_64-debian-clang 1.0.2 3.26 68.44 71.70 OK
r-devel-linux-x86_64-debian-gcc 1.0.2 2.26 47.03 49.29 OK
r-devel-linux-x86_64-fedora-clang 1.0.2 117.00 OK
r-devel-linux-x86_64-fedora-gcc 1.0.2 132.18 OK
r-devel-windows-x86_64 1.0.2 5.00 80.00 85.00 OK
r-patched-linux-x86_64 1.0.2 3.82 65.48 69.30 OK
r-release-linux-x86_64 OK
r-release-macos-arm64 1.0.2 42.00 OK
r-release-macos-x86_64 1.0.2 76.00 OK
r-release-windows-x86_64 1.0.2 5.00 81.00 86.00 OK
r-oldrel-macos-arm64 1.0.2 42.00 NOTE
r-oldrel-macos-x86_64 1.0.2 63.00 NOTE
r-oldrel-windows-x86_64 1.0.2 5.00 100.00 105.00 NOTE

Check Details

Version: 1.0.2
Check: installed package size
Result: NOTE installed size is 5.7Mb sub-directories of 1Mb or more: doc 5.5Mb Flavors: r-oldrel-macos-arm64, r-oldrel-macos-x86_64, r-oldrel-windows-x86_64

These binaries (installable software) and packages are in development.
They may not be fully stable and should be used with caution. We make no claims about them.