CRAN Package Check Results for Package nmaplateplot

Last updated on 2025-10-23 21:51:34 CEST.

Flavor Version Tinstall Tcheck Ttotal Status Flags
r-devel-linux-x86_64-debian-clang 1.0.2 3.31 80.98 84.29 OK
r-devel-linux-x86_64-debian-gcc 1.0.2 2.47 54.57 57.04 OK
r-devel-linux-x86_64-fedora-clang 1.0.2 139.94 OK
r-devel-linux-x86_64-fedora-gcc 1.0.2 150.76 OK
r-devel-windows-x86_64 1.0.2 4.00 86.00 90.00 OK
r-patched-linux-x86_64 1.0.2 3.12 76.50 79.62 OK
r-release-linux-x86_64 1.0.2 3.03 77.20 80.23 OK
r-release-macos-arm64 1.0.2 2.00 40.00 42.00 OK
r-release-macos-x86_64 1.0.2 3.00 73.00 76.00 OK
r-release-windows-x86_64 1.0.2 5.00 91.00 96.00 OK
r-oldrel-macos-arm64 1.0.2 1.00 41.00 42.00 NOTE
r-oldrel-macos-x86_64 1.0.2 3.00 60.00 63.00 NOTE
r-oldrel-windows-x86_64 1.0.2 7.00 107.00 114.00 NOTE

Check Details

Version: 1.0.2
Check: installed package size
Result: NOTE installed size is 5.7Mb sub-directories of 1Mb or more: doc 5.5Mb Flavors: r-oldrel-macos-arm64, r-oldrel-macos-x86_64, r-oldrel-windows-x86_64

These binaries (installable software) and packages are in development.
They may not be fully stable and should be used with caution. We make no claims about them.