Last updated on 2025-02-02 16:49:15 CET.
Flavor | Version | Tinstall | Tcheck | Ttotal | Status | Flags |
---|---|---|---|---|---|---|
r-devel-linux-x86_64-debian-clang | 0.3-0 | 13.47 | 221.74 | 235.21 | NOTE | |
r-devel-linux-x86_64-debian-gcc | 0.3-0 | 7.62 | 136.92 | 144.54 | NOTE | |
r-devel-linux-x86_64-fedora-clang | 0.3-0 | 403.93 | OK | |||
r-devel-linux-x86_64-fedora-gcc | 0.3-0 | 382.35 | OK | |||
r-devel-windows-x86_64 | 0.3-0 | 12.00 | 209.00 | 221.00 | NOTE | |
r-patched-linux-x86_64 | 0.3-0 | 16.96 | 209.16 | 226.12 | OK | |
r-release-linux-x86_64 | 0.3-0 | 10.60 | 209.18 | 219.78 | OK | |
r-release-macos-arm64 | 0.3-0 | 85.00 | OK | |||
r-release-macos-x86_64 | 0.3-0 | 140.00 | OK | |||
r-release-windows-x86_64 | 0.3-0 | 12.00 | 210.00 | 222.00 | ERROR | |
r-oldrel-macos-arm64 | 0.3-0 | 88.00 | OK | |||
r-oldrel-macos-x86_64 | 0.3-0 | 135.00 | OK | |||
r-oldrel-windows-x86_64 | 0.3-0 | 17.00 | 265.00 | 282.00 | OK |
Version: 0.3-0
Check: Rd cross-references
Result: NOTE
Found the following Rd file(s) with Rd \link{} targets missing package
anchors:
nmarank.Rd: netmeta
Please provide package anchors for all Rd \link{} targets not in the
package itself and the base packages.
Flavors: r-devel-linux-x86_64-debian-clang, r-devel-linux-x86_64-debian-gcc, r-devel-windows-x86_64
Version: 0.3-0
Check: tests
Result: ERROR
Running 'testthat.R' [79s]
Running the tests in 'tests/testthat.R' failed.
Complete output:
> library(testthat)
> library(nmarank)
Loading required package: meta
Loading required package: metadat
Loading 'meta' package (version 8.0-2).
Type 'help(meta)' for a brief overview.
Loading required package: netmeta
Loading 'netmeta' package (version 3.0-2).
Type 'help("netmeta-package")' for a brief overview.
>
> test_check("nmarank")
[ FAIL 1 | WARN 0 | SKIP 0 | PASS 10 ]
══ Failed tests ════════════════════════════════════════════════════════════════
── Failure ('test-arm.R:185:3'): arm gives correct probs ───────────────────────
abs(p1 - p2) is not less than 0.02. Difference: 1.73e-17
[ FAIL 1 | WARN 0 | SKIP 0 | PASS 10 ]
Error: Test failures
Execution halted
Flavor: r-release-windows-x86_64
These binaries (installable software) and packages are in development.
They may not be fully stable and should be used with caution. We make no claims about them.