CRAN Package Check Results for Package nn2poly

Last updated on 2025-05-01 08:52:40 CEST.

Flavor Version Tinstall Tcheck Ttotal Status Flags
r-devel-linux-x86_64-debian-clang 0.1.2 26.70 56.06 82.76 NOTE
r-devel-linux-x86_64-debian-gcc 0.1.2 20.37 43.47 63.84 NOTE
r-devel-linux-x86_64-fedora-clang 0.1.2 149.43 NOTE
r-devel-linux-x86_64-fedora-gcc 0.1.2 157.14 NOTE
r-devel-windows-x86_64 0.1.2 34.00 104.00 138.00 NOTE
r-patched-linux-x86_64 0.1.2 28.63 52.35 80.98 NOTE
r-release-linux-x86_64 NOTE
r-release-macos-arm64 0.1.2 56.00 NOTE
r-release-macos-x86_64 0.1.2 103.00 NOTE
r-release-windows-x86_64 0.1.2 34.00 109.00 143.00 NOTE
r-oldrel-macos-arm64 0.1.2 60.00 NOTE
r-oldrel-macos-x86_64 0.1.2 144.00 NOTE
r-oldrel-windows-x86_64 0.1.2 38.00 113.00 151.00 NOTE

Check Details

Version: 0.1.2
Check: C++ specification
Result: NOTE Specified C++14: please drop specification unless essential Flavors: r-devel-linux-x86_64-debian-clang, r-devel-linux-x86_64-debian-gcc, r-devel-linux-x86_64-fedora-clang, r-devel-linux-x86_64-fedora-gcc, r-devel-windows-x86_64, r-patched-linux-x86_64, r-release-linux-x86_64, r-release-macos-arm64, r-release-macos-x86_64, r-release-windows-x86_64, r-oldrel-macos-arm64, r-oldrel-macos-x86_64, r-oldrel-windows-x86_64

These binaries (installable software) and packages are in development.
They may not be fully stable and should be used with caution. We make no claims about them.